-- MySQL dump 10.13  Distrib 5.7.44, for Linux (x86_64)
--
-- Host: localhost    Database: bzbmwhup_conta
-- ------------------------------------------------------
-- Server version	5.7.44-cll-lve

/*!40101 SET @OLD_CHARACTER_SET_CLIENT=@@CHARACTER_SET_CLIENT */;
/*!40101 SET @OLD_CHARACTER_SET_RESULTS=@@CHARACTER_SET_RESULTS */;
/*!40101 SET @OLD_COLLATION_CONNECTION=@@COLLATION_CONNECTION */;
/*!40101 SET NAMES utf8 */;
/*!40103 SET @OLD_TIME_ZONE=@@TIME_ZONE */;
/*!40103 SET TIME_ZONE='+00:00' */;
/*!40014 SET @OLD_UNIQUE_CHECKS=@@UNIQUE_CHECKS, UNIQUE_CHECKS=0 */;
/*!40014 SET @OLD_FOREIGN_KEY_CHECKS=@@FOREIGN_KEY_CHECKS, FOREIGN_KEY_CHECKS=0 */;
/*!40101 SET @OLD_SQL_MODE=@@SQL_MODE, SQL_MODE='NO_AUTO_VALUE_ON_ZERO' */;
/*!40111 SET @OLD_SQL_NOTES=@@SQL_NOTES, SQL_NOTES=0 */;

--
-- Table structure for table `Cobros`
--

DROP TABLE IF EXISTS `Cobros`;
/*!40101 SET @saved_cs_client     = @@character_set_client */;
/*!40101 SET character_set_client = utf8 */;
CREATE TABLE `Cobros` (
  `id` int(11) NOT NULL AUTO_INCREMENT,
  `Factura` int(11) DEFAULT NULL,
  `Fecha` date DEFAULT NULL,
  `Medio` int(11) DEFAULT NULL,
  `CantidadEuros` decimal(10,2) DEFAULT NULL,
  PRIMARY KEY (`id`)
) ENGINE=MyISAM DEFAULT CHARSET=utf8mb4;
/*!40101 SET character_set_client = @saved_cs_client */;

--
-- Dumping data for table `Cobros`
--

LOCK TABLES `Cobros` WRITE;
/*!40000 ALTER TABLE `Cobros` DISABLE KEYS */;
/*!40000 ALTER TABLE `Cobros` ENABLE KEYS */;
UNLOCK TABLES;

--
-- Table structure for table `Conceptos`
--

DROP TABLE IF EXISTS `Conceptos`;
/*!40101 SET @saved_cs_client     = @@character_set_client */;
/*!40101 SET character_set_client = utf8 */;
CREATE TABLE `Conceptos` (
  `id` int(11) NOT NULL AUTO_INCREMENT,
  `Descripcion` varchar(256) DEFAULT NULL,
  `Codigo` varchar(3) DEFAULT NULL,
  PRIMARY KEY (`id`)
) ENGINE=MyISAM AUTO_INCREMENT=59 DEFAULT CHARSET=utf8mb4;
/*!40101 SET character_set_client = @saved_cs_client */;

--
-- Dumping data for table `Conceptos`
--

LOCK TABLES `Conceptos` WRITE;
/*!40000 ALTER TABLE `Conceptos` DISABLE KEYS */;
INSERT INTO `Conceptos` VALUES (1,'Ingresos de explotación','I01'),(2,'Otros Ingresos (incluidas subvenciones y otras transferencias)','IX1'),(3,'Ingresos financieros derivados del aplazamiento o fraccionamiento de operaciones realizadas en desarrollo de la actividad','I02'),(4,'Ingresos por subvenciones corrientes','I03'),(5,'Imputación de ingresos por subvenciones de capital','I04'),(6,'IGIC devengado (compensación de RE agricultura, ganadería y pesca)','I05'),(7,'Variación de existencias (incremento de existencias finales)','I06'),(8,'Otros ingresos','I07'),(9,'Autoconsumo de bienes y servicios','I08'),(10,'Transmisión elementos patrimoniales que hayan gozado libertad amortización: exceso amortización deducida respecto amortización deducible (DA trigésima Ley Impuesto)','I09'),(11,'Consumos de explotación','GX1'),(12,'Compra de existencias','G01'),(13,'Variación de existencias (disminución de existencias finales)','G02'),(14,'Otros consumos de explotación','G03'),(15,'Sueldos y salarios','G04'),(16,'Seguridad Social a cargo de la empresa (incluidas las cotizaciones del titular)','GX2'),(17,'Seguridad Social a cargo de la empresa','G05'),(18,'Seguridad Social o aportaciones a mutualidades alternativas del titular de la actividad','G06'),(19,'Otros gastos de personal','GX3'),(20,'Indemnizaciones','G07'),(21,'Dietas y asignaciones de viajes del personal empleado','G08'),(22,'Aportaciones a sistemas de previsión social imputadas al personal empleado','G09'),(23,'Otros gastos de personal','G10'),(24,'Gastos de manutención del contribuyente (artículo 30.2.5ª.c de la Ley del Impuesto)','G11'),(25,'Arrendamientos y cánones','G12'),(26,'Reparaciones y conservación','G13'),(27,'Suministros (entre otros agua, gas, electricidad, telefonía, internet)','GX4'),(28,'Suministros (electricidad, agua, gas, telefonía e internet)','GY4'),(29,'Gastos por suministro eléctrico','G14'),(30,'Gastos por suministro de agua','G15'),(31,'Gastos por suministro de gas','G16'),(32,'Gastos por suministro de telefonía e internet','G17'),(33,'Otros suministros','G18'),(34,'Servicios de profesionales independientes','G19'),(35,'Otros servicios exteriores','GX5'),(36,'Primas de seguros','G20'),(37,'Otros servicios exteriores','G22'),(38,'Gastos financieros','GX6'),(39,'Intereses de deudas','G23'),(40,'Otros gastos financieros','G24'),(41,'Tributos fiscalmente deducibles','GX7'),(42,'IGIC soportado','G25'),(43,'Otros tributos fiscalmente deducibles','G26'),(44,'Amortizaciones: dotaciones del ejercicio fiscalmente deducibles','GX8'),(45,'Dotaciones del ejercicio para amortización del inmovilizado material','GY8'),(46,'Dotaciones del ejercicio para amortización de edificios','G27'),(47,'Dotaciones del ejercicio para amortización de instalaciones, mobiliario, enseres y resto de inmovilizado material','G28'),(48,'Dotaciones del ejercicio para amortización de maquinaria','G29'),(49,'Dotaciones del ejercicio para amortización de elementos de transporte','G30'),(50,'Dotaciones del ejercicio para amortización de equipos electrónicos e informáticos','G31'),(51,'Dotaciones del ejercicio para amortización de útiles y herramientas','G32'),(52,'Dotaciones del ejercicio para amortización de ganado y cultivos agrícolas amortizables','G33'),(53,'Dotaciones del ejercicio para amortización del inmovilizado inmaterial','G38'),(54,'Pérdidas por insolvencias de deudores','G34'),(55,'Incentivos al mecenazgo. Convenios de colaboración en actividades de interés general','G35'),(56,'Incentivos al mecenazgo. Gastos en actividades de interés general','G36'),(57,'Otros conceptos fiscalmente deducibles (excepto provisiones)','G37'),(58,'Provisiones fiscalmente deducibles','G39');
/*!40000 ALTER TABLE `Conceptos` ENABLE KEYS */;
UNLOCK TABLES;

--
-- Table structure for table `Epigrafes`
--

DROP TABLE IF EXISTS `Epigrafes`;
/*!40101 SET @saved_cs_client     = @@character_set_client */;
/*!40101 SET character_set_client = utf8 */;
CREATE TABLE `Epigrafes` (
  `id` int(11) NOT NULL AUTO_INCREMENT,
  `Codigo` int(11) DEFAULT NULL,
  `Descripcion` varchar(256) DEFAULT NULL,
  `Actividad` int(11) DEFAULT NULL,
  `Serie` varchar(1) DEFAULT NULL,
  PRIMARY KEY (`id`)
) ENGINE=MyISAM AUTO_INCREMENT=3 DEFAULT CHARSET=utf8mb4;
/*!40101 SET character_set_client = @saved_cs_client */;

--
-- Dumping data for table `Epigrafes`
--

LOCK TABLES `Epigrafes` WRITE;
/*!40000 ALTER TABLE `Epigrafes` DISABLE KEYS */;
INSERT INTO `Epigrafes` VALUES (1,844,'Servicios de publicidad, relaciones públicas y similares',1,'P'),(2,763,'Programadores y Analistas de Informática',5,NULL);
/*!40000 ALTER TABLE `Epigrafes` ENABLE KEYS */;
UNLOCK TABLES;

--
-- Table structure for table `Medios`
--

DROP TABLE IF EXISTS `Medios`;
/*!40101 SET @saved_cs_client     = @@character_set_client */;
/*!40101 SET character_set_client = utf8 */;
CREATE TABLE `Medios` (
  `id` int(11) NOT NULL AUTO_INCREMENT,
  `Medio` varchar(45) DEFAULT NULL,
  `Codigo` varchar(2) DEFAULT NULL,
  PRIMARY KEY (`id`)
) ENGINE=MyISAM AUTO_INCREMENT=8 DEFAULT CHARSET=utf8mb4;
/*!40101 SET character_set_client = @saved_cs_client */;

--
-- Dumping data for table `Medios`
--

LOCK TABLES `Medios` WRITE;
/*!40000 ALTER TABLE `Medios` DISABLE KEYS */;
INSERT INTO `Medios` VALUES (1,'Transferencia','01'),(2,'Cheque','02'),(3,'No se paga','03'),(4,'Otros medios de pago','04'),(5,'Domiciliación bancaria','05'),(6,'PayPal','04'),(7,'Tarjeta de crédito','04');
/*!40000 ALTER TABLE `Medios` ENABLE KEYS */;
UNLOCK TABLES;

--
-- Table structure for table `Movimientos`
--

DROP TABLE IF EXISTS `Movimientos`;
/*!40101 SET @saved_cs_client     = @@character_set_client */;
/*!40101 SET character_set_client = utf8 */;
CREATE TABLE `Movimientos` (
  `id` int(11) NOT NULL AUTO_INCREMENT,
  `Tipo` int(11) DEFAULT NULL,
  `Numero` varchar(50) DEFAULT NULL,
  `Tercero` int(11) DEFAULT NULL,
  `Epigrafe` int(11) DEFAULT NULL,
  `FechaExpedicion` date DEFAULT NULL,
  `FechaOperacion` date DEFAULT NULL,
  `Base` decimal(10,2) DEFAULT NULL,
  `PIGIC` decimal(10,2) DEFAULT NULL,
  `PIRPF` decimal(10,2) DEFAULT NULL,
  `IGIC` decimal(10,2) DEFAULT NULL,
  `IRPF` decimal(10,2) DEFAULT NULL,
  `Total` decimal(10,2) DEFAULT NULL,
  `Descripcion` varchar(128) DEFAULT NULL,
  `Concepto` int(11) DEFAULT NULL,
  PRIMARY KEY (`id`)
) ENGINE=MyISAM AUTO_INCREMENT=733 DEFAULT CHARSET=utf8mb4;
/*!40101 SET character_set_client = @saved_cs_client */;

--
-- Dumping data for table `Movimientos`
--

LOCK TABLES `Movimientos` WRITE;
/*!40000 ALTER TABLE `Movimientos` DISABLE KEYS */;
INSERT INTO `Movimientos` VALUES (1,1,'00161',1,2,'2021-01-25','2021-01-25',110.00,7.00,15.00,7.70,16.50,101.20,'Mantenimiento buenavistagolf.es - Enero 2021',1),(2,1,'00162',2,2,'2021-01-25','2021-01-25',2500.00,7.00,15.00,175.00,375.00,2300.00,'Servicios informáticos - Enero 2021',1),(3,1,'00163',1,2,'2021-02-25','2021-02-25',110.00,7.00,15.00,7.70,16.50,101.20,'Mantenimiento buenavistagolf.es - Febrero 2021',1),(4,1,'00164',2,2,'2021-02-25','2021-02-25',2500.00,7.00,15.00,175.00,375.00,2300.00,'Servicios informáticos - Febrero 2021',1),(5,1,'00165',1,2,'2021-03-25','2021-03-25',110.00,7.00,15.00,7.70,16.50,101.20,'Mantenimiento buenavistagolf.es - Marzo 2021',1),(6,1,'00166',2,2,'2021-03-25','2021-03-25',2500.00,7.00,15.00,175.00,375.00,2300.00,'Servicios informáticos - Marzo 2021',1),(7,1,'P0048',3,1,'2021-01-01','2021-01-01',38.30,7.00,15.00,2.68,5.75,35.24,'Banner en la web',1),(8,1,'P0049',4,1,'2021-01-26','2021-01-26',100.00,0.00,0.00,0.00,0.00,100.00,'Anuncio Bet365 - 100.000 visitas',1),(9,1,'P0050',5,1,'2021-01-27','2021-01-27',254.46,0.00,0.00,0.00,0.00,254.46,'Publicidad en la web (Factura #244986)',1),(10,1,'P0051',6,1,'2021-01-30','2021-01-30',97.25,0.00,0.00,0.00,0.00,97.25,'iZooto',1),(11,1,'P0052',7,1,'2021-02-18','2021-02-18',200.00,0.00,0.00,0.00,0.00,200.00,'Banner en la web 01/02 - 01/03',1),(12,1,'P0053',7,1,'2021-02-18','2021-02-18',200.00,0.00,0.00,0.00,0.00,200.00,'Banner en la web 01/03 - 01/04',1),(13,1,'P0054',5,1,'2021-02-27','2021-02-27',163.77,0.00,0.00,0.00,0.00,163.77,'Publicidad en la web (Factura #264865)',1),(14,1,'P0055',4,1,'2021-03-02','2021-03-02',100.00,0.00,0.00,0.00,0.00,100.00,'Anuncio Bet365 - 100.000 visitas',1),(15,1,'P0056',3,1,'2021-03-24','2021-03-24',51.42,7.00,15.00,3.60,7.71,47.31,'Banner en la web',1),(16,1,'P0057',5,1,'2021-03-26','2021-03-26',199.62,0.00,0.00,0.00,0.00,199.62,'Publicidad en la web (Factura #277250)',1),(17,2,'202100001909',9,2,'2021-01-01','2021-01-01',39.01,0.00,0.00,0.00,0.00,39.01,'Electricidad',29),(18,2,'202100001909',9,2,'2021-01-01','2021-01-01',0.82,7.00,0.00,0.06,0.00,0.88,'Electricidad',29),(19,2,'FMDKMAE0034219',10,2,'2021-01-13','2021-01-13',98.23,7.00,0.00,6.88,0.00,105.11,'Teléfono e internet',32),(20,2,'',11,2,'2021-01-29','2021-01-29',288.97,0.00,0.00,0.00,0.00,288.97,'Cuota autónomos',18),(21,2,'202100007232',9,2,'2021-02-01','2021-02-01',37.47,0.00,0.00,0.00,0.00,37.47,'Electricidad',29),(22,2,'202100007232',9,2,'2021-02-01','2021-02-01',0.83,7.00,0.00,0.06,0.00,0.89,'Electricidad',29),(23,2,'202100011626',9,2,'2021-03-01','2021-03-01',33.83,0.00,0.00,0.00,0.00,33.83,'Electricidad',29),(24,2,'202100011626',9,2,'2021-03-01','2021-03-01',0.75,7.00,0.00,0.05,0.00,0.80,'Electricidad',29),(25,2,'000217',12,2,'2021-03-02','2021-03-02',100.00,7.00,0.00,7.00,0.00,107.00,'Gastos de gestoría',34),(26,2,'00001405287',15,2,'2021-03-19','2021-03-19',185.89,0.00,0.00,0.00,0.00,185.89,'Compra de material informático',14),(27,2,'000106',12,2,'2021-02-05','2021-02-05',110.00,7.00,0.00,7.70,0.00,117.70,'Gastos de gestoría',34),(28,2,'FMDKMBE0033771',10,2,'2021-02-13','2021-02-13',95.49,7.00,0.00,6.68,0.00,102.18,'Teléfono e internet',32),(29,2,'',11,2,'2021-02-26','2021-02-26',286.15,0.00,0.00,0.00,0.00,286.15,'Cuota autónomos',18),(30,2,'',11,2,'2021-02-26','2021-02-26',81.08,0.00,0.00,0.00,0.00,81.08,'Cuota autónomos',18),(31,2,'FMDKMCE0034428',10,2,'2021-03-13','2021-03-13',102.52,7.00,0.00,7.17,0.00,109.70,'Teléfono e internet',32),(32,2,'',11,2,'2021-03-31','2021-03-31',286.15,0.00,0.00,0.00,0.00,286.15,'Cuota autónomos',18),(33,2,'',11,2,'2021-03-31','2021-03-31',143.07,0.00,0.00,0.00,0.00,143.07,'Cuota autónomos',18),(34,2,'INV-5FF9F35F49363',5,1,'2021-01-08','2021-01-08',37.18,0.00,0.00,0.00,0.00,37.18,'Servicio online',34),(35,2,'',8,1,'2021-01-30','2021-01-30',5.01,0.00,0.00,0.00,0.00,5.01,'Comisiones',25),(36,2,'INV-6022D1DE53CAE',5,1,'2021-02-08','2021-02-08',37.64,0.00,0.00,0.00,0.00,37.64,'Servicio online',34),(37,2,'',8,1,'2021-02-25','2021-02-25',11.95,0.00,0.00,0.00,0.00,11.95,'Comisiones',25),(38,2,'INV-6047BD47E6F97',5,1,'2021-03-08','2021-03-08',38.30,0.00,0.00,0.00,0.00,38.30,'Servicio online',34),(39,1,'P0018',17,1,'2020-01-14','2020-01-14',120.00,0.00,0.00,0.00,0.00,120.00,'Post patrocinado',1),(40,1,'P0019',18,1,'2020-01-21','2020-01-21',100.00,0.00,0.00,0.00,0.00,100.00,'Post patrocinado',1),(41,1,'P0020',19,1,'2020-01-27','2020-01-27',150.00,0.00,0.00,0.00,0.00,150.00,'Post patrocinado',1),(42,1,'P0021',5,1,'2020-01-29','2020-01-29',546.60,0.00,0.00,0.00,0.00,546.60,'Publicidad en la web (Factura #135566)',1),(43,1,'P0022',21,1,'2020-01-29','2020-01-29',300.00,0.00,0.00,0.00,0.00,300.00,'Anuncio Bet365 - 25/01/2020 - 25/02/2020',1),(44,1,'P0023',20,1,'2020-01-30','2020-01-30',90.00,7.00,15.00,6.30,13.50,82.80,'Post patrocinado',1),(45,1,'P0024',4,1,'2020-02-11','2020-02-11',100.00,0.00,0.00,0.00,0.00,100.00,'Anuncio Bet365 - 100.000 visitas',1),(46,1,'P0025',21,1,'2020-02-20','2020-02-20',925.93,0.00,0.00,0.00,0.00,925.93,'Anuncio Bet365 - 25/02/2020 - 25/05/2020',1),(47,1,'P0026',5,1,'2020-02-28','2020-02-28',223.96,0.00,0.00,0.00,0.00,223.96,'Publicidad en la web (Factura #142495)',1),(48,1,'P0027',5,1,'2020-03-25','2020-03-25',305.81,0.00,0.00,0.00,0.00,305.81,'Publicidad en la web (Factura #149823)',1),(49,1,'00145',2,2,'2020-01-25','2020-01-25',725.80,7.00,15.00,50.81,108.87,667.74,'Servicios informáticos - Enero 2020',1),(50,1,'00146',1,2,'2020-01-31','2020-01-31',110.00,7.00,15.00,7.70,16.50,101.20,'Mantenimiento buenavistagolf.es - Enero 2020',1),(51,1,'00147',2,2,'2020-02-25','2020-02-25',1250.00,7.00,15.00,87.50,187.50,1150.00,'Servicios informáticos - Febrero 2020',1),(52,1,'00148',1,2,'2020-01-31','2020-01-31',110.00,7.00,15.00,7.70,16.50,101.20,'Mantenimiento buenavistagolf.es - Febrero 2020',1),(53,1,'00149',2,2,'2020-03-25','2020-03-25',1250.00,7.00,15.00,87.50,187.50,1150.00,'Servicios informáticos - Marzo 2020',1),(54,1,'00150',1,2,'2020-03-27','2020-03-27',55.00,7.00,15.00,3.85,8.25,50.60,'Mantenimiento buenavistagolf.es - Marzo 2020',1),(55,2,'202000002472 ',9,2,'2020-01-09','2020-01-09',27.10,0.00,0.00,0.00,0.00,27.10,'Electricidad',29),(56,2,'202000002472',9,2,'2020-01-09','2020-01-09',0.83,7.00,0.00,0.06,0.00,0.89,'Electricidad',29),(57,2,'FMDKMAD0018048',10,2,'2020-01-13','2020-01-13',90.91,7.00,0.00,6.36,0.00,97.27,'Teléfono e internet',32),(58,2,'',11,2,'2020-01-31','2020-01-31',283.31,0.00,0.00,0.00,0.00,283.31,'Cuota autónomos',18),(59,2,'000104',12,2,'2020-02-04','2020-02-04',110.00,7.00,0.00,7.70,0.00,117.70,'Gastos de gestoría',34),(60,2,'FMDKMBD0025259',10,2,'2020-02-13','2020-02-13',90.91,7.00,0.00,6.36,0.00,97.27,'Teléfono e internet',32),(61,2,'202000005563',9,2,'2020-02-14','2020-02-14',28.06,0.00,0.00,0.00,0.00,28.06,'Electricidad',29),(62,2,'202000005563 ',9,2,'2020-02-14','2020-02-14',0.82,7.00,0.00,0.06,0.00,0.88,'Electricidad',29),(63,2,'',11,2,'2020-02-28','2020-02-28',283.31,0.00,0.00,0.00,0.00,283.31,'Cuota autónomos',18),(64,2,'202000010124',9,2,'2020-03-01','2020-03-01',26.74,0.00,0.00,0.00,0.00,26.74,'Electricidad',29),(65,2,'202000010124',9,2,'2020-03-01','2020-03-01',0.77,7.00,0.00,0.05,0.00,0.82,'Electricidad',29),(66,2,'FMDKMCD0024225',10,2,'2020-03-13','2020-03-13',90.91,7.00,0.00,6.36,0.00,97.27,'Teléfono e internet',32),(67,2,'',8,1,'2020-01-14','2020-01-14',6.23,0.00,0.00,0.00,0.00,6.23,'Comisiones',25),(68,2,'',8,1,'2020-01-29','2020-01-29',9.05,0.00,0.00,0.00,0.00,9.05,'Comisiones',25),(69,2,'INV-5E33ECEF61672',5,1,'2020-01-31','2020-01-31',19.91,0.00,0.00,0.00,0.00,19.91,'Servicio online',34),(70,2,'',8,1,'2020-02-20','2020-02-20',31.76,0.00,0.00,0.00,0.00,31.76,'Comisiones',25),(71,2,'INV-5E5A286EEEDA4',5,1,'2020-02-29','2020-02-29',20.04,0.00,0.00,0.00,0.00,20.04,'Servicio online',34),(72,1,'00151',2,2,'2020-04-25','2020-04-25',2250.00,7.00,15.00,157.50,337.50,2070.00,'Servicios informáticos - Abril 2020',1),(73,1,'00152',2,2,'2020-05-25','2020-05-25',2500.00,7.00,15.00,175.00,375.00,2300.00,'Servicios informáticos - Mayo 2020',1),(74,1,'00153',2,2,'2020-06-25','2020-06-25',2500.00,7.00,15.00,175.00,375.00,2300.00,'Servicios informáticos - Junio 2020',1),(75,1,'P0028',5,1,'2020-04-27','2020-04-27',158.82,0.00,0.00,0.00,0.00,158.82,'Publicidad en la web (Factura #157533)',1),(76,1,'P0029',5,1,'2020-05-28','2020-05-28',93.24,0.00,0.00,0.00,0.00,93.24,'Publicidad en la web (Factura #165653)',1),(77,1,'P0030',4,1,'2020-06-16','2020-06-16',100.00,0.00,0.00,0.00,0.00,100.00,'Anuncio Bet365 - 100.000 visitas',1),(78,1,'P0031',5,1,'2020-06-26','2020-06-26',88.33,0.00,0.00,0.00,0.00,88.33,'Publicidad en la web (Factura #174255)',1),(79,2,'202000013952 ',9,2,'2020-04-01','2020-04-01',30.37,0.00,0.00,0.00,0.00,30.37,'Electricidad',29),(80,2,'202000013952 ',9,2,'2020-04-01','2020-04-01',0.82,7.00,0.00,0.06,0.00,0.88,'Electricidad',29),(81,2,'FMDKMDD0023504',10,2,'2020-04-13','2020-04-13',93.53,7.00,0.00,6.55,0.00,100.08,'Teléfono e internet',32),(82,2,'1669365738',14,2,'2020-04-20','2020-04-20',38.26,0.00,0.00,0.00,0.00,38.26,'Renovación de dominios',14),(83,2,'3825',33,2,'2020-04-22','2020-04-22',55.81,0.00,0.00,0.00,0.00,55.81,'Manuales',14),(84,2,'CU012075',22,2,'2020-04-29','2020-04-29',55.80,0.00,0.00,0.00,0.00,55.80,'Material de oficina',14),(85,2,'202000017078',9,2,'2020-05-01','2020-05-01',20.54,0.00,0.00,0.00,0.00,20.54,'Electricidad',29),(86,2,'202000017078',9,2,'2020-05-01','2020-05-01',7.67,7.00,0.00,0.54,0.00,8.21,'Electricidad',29),(87,2,'202000017001',9,2,'2020-05-01','2020-05-01',0.53,0.00,0.00,0.00,0.00,0.53,'Electricidad',29),(88,2,'202000017001',9,2,'2020-05-01','2020-05-01',0.03,7.00,0.00,0.00,0.00,0.03,'Electricidad',29),(89,2,'000381',12,2,'2020-05-06','2020-05-06',72.00,7.00,0.00,5.04,0.00,77.04,'Gastos de gestoría',34),(90,2,'FMDKMED0023651',10,2,'2020-05-13','2020-05-13',65.42,7.00,0.00,4.58,0.00,70.00,'Teléfono e internet',32),(91,2,'802020/002691',23,2,'2020-05-22','2020-05-22',32.36,7.00,0.00,2.27,0.00,34.63,'Equipamiento informático',14),(92,2,'202000022868 ',9,2,'2020-06-01','2020-06-01',31.00,0.00,0.00,0.00,0.00,31.00,'Electricidad',29),(93,2,'202000022868 ',9,2,'2020-06-01','2020-06-01',0.82,7.00,0.00,0.06,0.00,0.88,'Electricidad',29),(94,2,'000483',12,2,'2020-06-01','2020-06-01',50.00,7.00,0.00,3.50,0.00,53.50,'Gastos de gestoría',34),(95,2,'20N2370345',24,2,'2020-06-07','2020-06-07',41.24,21.00,0.00,8.66,0.00,49.90,'Mobiliario de oficina',14),(96,2,'2006003',25,2,'2020-06-08','2020-06-08',11.62,0.00,0.00,0.00,0.00,11.62,'Transporte',34),(97,2,'FMDKMFD0023664',10,2,'2020-06-13','2020-06-13',49.59,7.00,0.00,3.47,0.00,53.06,'Teléfono e internet',32),(98,2,'2006016',25,2,'2020-06-15','2020-06-15',30.80,10.90,0.00,3.36,0.00,34.16,'Transporte',34),(99,2,'1706866079',14,2,'2020-06-21','2020-06-21',19.16,0.00,0.00,0.00,0.00,19.16,'Renovación de dominios',14),(100,2,'',11,2,'2020-04-30','2020-04-30',226.65,0.00,0.00,0.00,0.00,226.65,'Cuota autónomos',18),(101,2,'',11,2,'2020-05-29','2020-05-29',283.31,0.00,0.00,0.00,0.00,283.31,'Cuota autónomos',18),(102,2,'',11,2,'2020-06-30','2020-06-30',283.31,0.00,0.00,0.00,0.00,283.31,'Cuota autónomos',18),(103,2,'INV-5E8F6846C7ADD',5,1,'2020-04-09','2020-04-09',20.24,0.00,0.00,0.00,0.00,20.24,'Servicio online',34),(104,2,'INV-5EB6F5460A31B',5,1,'2020-05-09','2020-05-09',19.27,0.00,0.00,0.00,0.00,19.27,'Servicio online',34),(105,2,'INV-5EDFD3C76A3B3',5,1,'2020-06-09','2020-06-09',19.48,0.00,0.00,0.00,0.00,19.48,'Servicio online',34),(106,1,'00154',2,2,'2020-07-26','2020-07-26',2500.00,7.00,15.00,175.00,375.00,2300.00,'Servicios informáticos - Julio 2020',1),(107,1,'00155',2,2,'2020-08-25','2020-08-25',2500.00,7.00,15.00,175.00,375.00,2300.00,'Servicios informáticos - Agosto 2020',1),(108,1,'00156',2,2,'2020-09-26','2020-09-26',2500.00,7.00,15.00,175.00,375.00,2300.00,'Servicios informáticos - Septiembre 2020',1),(109,1,'P0032',5,1,'2020-07-27','2020-07-27',144.66,0.00,0.00,0.00,0.00,144.66,'Publicidad en la web (Factura #183331)',1),(110,1,'P0033',26,1,'2020-08-27','2020-08-27',100.00,0.00,0.00,0.00,0.00,100.00,'Artículo patrocinado',1),(111,1,'P0034',5,1,'2020-08-28','2020-08-28',239.38,0.00,0.00,0.00,0.00,239.38,'Publicidad en la web (Factura #192472)',1),(112,1,'P0035',27,1,'2020-09-15','2020-09-15',100.00,0.00,0.00,0.00,0.00,100.00,'Artículo patrocinado',1),(113,1,'P0036',5,1,'2020-09-28','2020-09-28',203.42,0.00,0.00,0.00,0.00,203.42,'Publicidad en la web (Factura #201796)',1),(114,1,'P0037',28,1,'2020-09-30','2020-09-30',100.00,0.00,0.00,0.00,0.00,100.00,'Artículo patrocinado',1),(115,1,'P0038',3,1,'2020-09-30','2020-09-30',120.22,7.00,15.00,8.42,18.03,110.60,'Banner en la web',1),(116,2,'202000027239 ',9,2,'2020-07-01','2020-07-01',23.12,0.00,0.00,0.00,0.00,23.12,'Electricidad',29),(117,2,'202000027239',9,2,'2020-07-01','2020-07-01',0.80,7.00,0.00,0.06,0.00,0.86,'Electricidad',29),(118,2,'FMDKMGD0017135',10,2,'2020-07-13','2020-07-13',53.59,7.00,0.00,3.75,0.00,57.34,'Teléfono e internet',32),(119,2,'',11,2,'2020-07-31','2020-07-31',283.31,0.00,0.00,0.00,0.00,283.31,'Cuota autónomos',18),(120,2,'202000031636',9,2,'2020-08-01','2020-08-01',28.86,0.00,0.00,0.00,0.00,28.86,'Electricidad',29),(121,2,'202000031636',9,2,'2020-08-01','2020-08-01',0.82,7.00,0.00,0.06,0.00,0.88,'Electricidad',29),(122,2,'000665',12,2,'2020-08-03','2020-08-03',72.12,7.00,0.00,5.05,0.00,77.17,'Gastos de gestoría',34),(123,2,'FMDKMHD0029256',10,2,'2020-08-13','2020-08-13',57.13,7.00,0.00,4.00,0.00,61.13,'Teléfono e internet',32),(124,2,'',11,2,'2020-08-31','2020-08-31',283.31,0.00,0.00,0.00,0.00,283.31,'Cuota autónomos',18),(125,2,'202000036308',9,2,'2020-09-01','2020-09-01',28.14,0.00,0.00,0.00,0.00,28.14,'Electricidad',29),(126,2,'202000036308',9,2,'2020-09-01','2020-09-01',0.82,7.00,0.00,0.06,0.00,0.88,'Electricidad',29),(127,2,'1743179941',14,2,'2020-09-06','2020-09-06',19.16,0.00,0.00,0.00,0.00,19.16,'Renovación de dominios',14),(128,2,'FMDKMID0016945',10,2,'2020-09-13','2020-09-13',72.44,7.00,0.00,5.07,0.00,77.51,'Teléfono e internet',32),(129,2,'1750259619',14,2,'2020-09-18','2020-09-18',19.16,0.00,0.00,0.00,0.00,19.16,'Renovación de dominios',14),(130,2,'1754543186',14,2,'2020-09-26','2020-09-26',19.16,0.00,0.00,0.00,0.00,19.16,'Renovación de dominios',14),(131,2,'',11,2,'2020-09-30','2020-09-30',283.31,0.00,0.00,0.00,0.00,283.31,'Cuota autónomos',18),(132,2,'INV-5F0760C614768',5,1,'2020-07-09','2020-07-09',19.40,0.00,0.00,0.00,0.00,19.40,'Servicio online',34),(133,2,'INV-5F303DEB94A93',5,1,'2020-08-09','2020-08-09',18.62,0.00,0.00,0.00,0.00,18.62,'Servicio online',34),(134,2,'',8,1,'2020-08-27','2020-08-27',5.25,0.00,0.00,0.00,0.00,5.25,'Comisiones',25),(135,2,'INV-5F591DC6F23F4',5,1,'2020-09-09','2020-09-09',54.70,0.00,0.00,0.00,0.00,54.70,'Servicio online',34),(136,2,'',8,1,'2020-09-15','2020-09-15',3.25,0.00,0.00,0.00,0.00,3.25,'Comisiones',25),(137,2,'',8,1,'2020-09-30','2020-09-30',3.25,0.00,0.00,0.00,0.00,3.25,'Comisiones',25),(138,1,'00157',29,2,'2020-10-02','2020-10-02',400.00,7.00,15.00,28.00,60.00,368.00,'Gestión de contenidos x 16 horas',1),(139,1,'00158',2,2,'2020-10-26','2020-10-26',2500.00,7.00,15.00,175.00,375.00,2300.00,'Servicios informáticos - Octubre 2020',1),(140,1,'00159',2,2,'2020-11-25','2020-11-25',2500.00,7.00,15.00,175.00,375.00,2300.00,'Servicios informáticos - Noviembre 2020',1),(141,1,'00160',2,2,'2020-12-25','2020-12-25',2500.00,7.00,15.00,175.00,375.00,2300.00,'Servicios informáticos - Diciembre 2020',1),(142,1,'P0039',21,1,'2020-10-13','2020-10-13',200.00,0.00,0.00,0.00,0.00,200.00,'Anuncio Bet365',1),(143,1,'P0040',30,1,'2020-10-21','2020-10-21',280.00,0.00,0.00,0.00,0.00,280.00,'Post patrocinado',1),(144,1,'P0041',31,1,'2020-10-23','2020-10-23',175.00,0.00,0.00,0.00,0.00,175.00,'Post patrocinado',1),(145,1,'P0042',5,1,'2020-10-27','2020-10-27',174.28,0.00,0.00,0.00,0.00,174.28,'Publicidad en la web (Factura #211605)',1),(146,1,'P0043',6,1,'2020-10-30','2020-10-30',95.13,0.00,0.00,0.00,0.00,95.13,'iZooto',1),(147,1,'P0044',5,1,'2020-11-27','2020-11-27',154.58,0.00,0.00,0.00,0.00,154.58,'Publicidad en la web (Factura #222029)',1),(148,1,'P0045',21,1,'2020-12-09','2020-12-09',250.00,0.00,0.00,0.00,0.00,250.00,'Anuncio Bet365',1),(149,1,'P0046',21,1,'2020-12-23','2020-12-23',200.00,0.00,0.00,0.00,0.00,200.00,'Anuncio Bet365',1),(150,1,'P0047',5,1,'2020-12-28','2020-12-28',173.32,0.00,0.00,0.00,0.00,173.32,'Publicidad en la web (Factura #233265)',1),(151,2,'202000043056',9,2,'2020-10-01','2020-10-01',30.14,0.00,0.00,0.00,0.00,30.14,'Electricidad',29),(152,2,'202000043056',9,2,'2020-10-01','2020-10-01',0.79,7.00,0.00,0.06,0.00,0.85,'Electricidad',29),(153,2,'FMDKMJD0016769',10,2,'2020-10-13','2020-10-13',94.62,7.00,0.00,6.62,0.00,101.25,'Teléfono e internet',32),(154,2,'',11,2,'2020-10-13','2020-10-13',286.15,0.00,0.00,0.00,0.00,286.15,'Cuota autónomos',18),(155,2,'202000046425 ',9,2,'2020-11-01','2020-11-01',31.29,0.00,0.00,0.00,0.00,31.29,'Electricidad',29),(156,2,'202000046425',9,2,'2020-11-01','2020-11-01',0.82,7.00,0.00,0.06,0.00,0.88,'Electricidad',29),(157,2,'000931',12,2,'2020-11-02','2020-11-02',72.00,7.00,0.00,5.04,0.00,77.04,'Gastos de gestoría',34),(158,2,'802020/007030',23,2,'2020-11-06','2020-11-06',501.35,7.00,0.00,35.09,0.00,536.44,'Equipamiento informático',14),(159,2,'FMDKMKD0033363',10,2,'2020-11-13','2020-11-13',94.62,7.00,0.00,6.62,0.00,101.13,'Teléfono e internet',32),(160,2,'',11,2,'2020-11-30','2020-11-30',286.15,0.00,0.00,0.00,0.00,286.15,'Cuota autónomos',18),(161,2,'',11,2,'2020-11-30','2020-11-30',2.84,0.00,0.00,0.00,0.00,2.84,'Cuota autónomos',18),(162,2,'202000051847',9,2,'2020-12-01','2020-12-01',32.85,0.00,0.00,0.00,0.00,32.85,'Electricidad',29),(163,2,'202000051847',9,2,'2020-12-01','2020-12-01',0.80,7.00,0.00,0.06,0.00,0.86,'Electricidad',29),(164,2,'1786653978',14,2,'2020-12-03','2020-12-03',19.14,0.00,0.00,0.00,0.00,19.14,'Renovación de dominios',14),(165,2,'FMDKMLD0035347',10,2,'2020-12-13','2020-12-13',95.39,7.00,0.00,6.68,0.00,102.07,'Teléfono e internet',32),(166,2,'802020/008950',23,2,'2020-12-18','2020-12-18',57.91,7.00,0.00,4.05,0.00,61.96,'Equipamiento informático',14),(167,2,'',11,2,'2020-12-31','2020-12-31',286.15,0.00,0.00,0.00,0.00,286.15,'Cuota autónomos',18),(168,2,'INV-5F80AAC72A6D3',5,1,'2020-10-08','2020-10-08',37.40,0.00,0.00,0.00,0.00,37.40,'Servicio online',34),(169,2,'',8,1,'2020-10-13','2020-10-13',6.15,0.00,0.00,0.00,0.00,6.15,'Comisiones',25),(170,2,'',8,1,'2020-10-30','2020-10-30',4.92,0.00,0.00,0.00,0.00,4.92,'Comisiones',25),(171,2,'INV-5FA98946AE299',5,1,'2020-11-08','2020-11-08',37.07,0.00,0.00,0.00,0.00,37.07,'Servicio online',34),(172,2,'INV-5FD11648933F3',5,1,'2020-12-08','2020-12-08',36.32,0.00,0.00,0.00,0.00,36.32,'Servicio online',34),(173,2,'',8,1,'2020-12-09','2020-12-09',7.60,0.00,0.00,0.00,0.00,7.60,'Comisiones',25),(174,2,'',8,1,'2020-12-23','2020-12-23',6.15,0.00,0.00,0.00,0.00,6.15,'Comisiones',25),(175,1,'P0058',4,1,'2021-04-05','2021-04-05',100.00,0.00,0.00,0.00,0.00,100.00,'Anuncio Bet365 - 100.000 visitas',1),(176,2,'202100018656',9,2,'2021-04-01','2021-04-01',34.25,0.00,0.00,0.00,0.00,34.25,'Electricidad',29),(177,2,'202100018656',9,2,'2021-04-01','2021-04-01',0.83,7.00,0.00,0.06,0.00,0.89,'Electricidad',29),(178,2,'FMDKMDE0012920',10,2,'2021-04-13','2021-04-13',101.65,7.00,0.00,7.12,0.00,108.77,'Teléfono e internet',32),(179,2,'INV-60709BD009930',5,1,'2021-04-09','2021-04-09',36.97,0.00,0.00,0.00,0.00,36.97,'Servicio online',34),(180,1,'P0059',34,1,'2021-04-14','2021-04-14',100.00,0.00,0.00,0.00,0.00,100.00,'Post patrocinado',1),(181,2,'1857163067',14,2,'2021-04-20','2021-04-20',38.28,0.00,0.00,0.00,0.00,38.28,'Renovación de dominios',14),(182,1,'00167',1,2,'2021-04-25','2021-04-25',110.00,7.00,15.00,7.70,16.50,101.20,'Mantenimiento buenavistagolf.es - Abril 2021',1),(183,1,'00168',2,2,'2021-04-25','2021-04-25',2500.00,7.00,15.00,175.00,375.00,2300.00,'Servicios informáticos - Abril 2021',1),(184,1,'P0060',6,1,'2021-04-26','2021-04-26',87.64,0.00,0.00,0.00,0.00,87.64,'iZooto',1),(185,2,'',8,1,'2021-04-26','2021-04-26',4.64,0.00,0.00,0.00,0.00,4.64,'Comisiones',25),(186,1,'P0061',5,1,'2021-04-28','2021-04-28',189.05,0.00,0.00,0.00,0.00,189.05,'Publicidad en la web (Factura #290273)',1),(187,2,'',11,2,'2021-04-30','2021-04-29',286.15,0.00,0.00,0.00,0.00,286.15,'Cuota autónomos',18),(188,2,'',11,2,'2021-04-29','2021-04-29',143.07,0.00,0.00,0.00,0.00,143.07,'Cuota autónomos',18),(189,1,'P0062',35,1,'2021-05-05','2021-05-05',100.00,0.00,0.00,0.00,0.00,100.00,'Do-follow & Indexable sponsored AD on michelacosta.com',1),(190,2,'INV-609828D064B94',5,1,'2021-05-09','2021-05-09',36.49,0.00,0.00,0.00,0.00,36.49,'Servicio online',34),(191,2,'FMDKMEE0034728',10,2,'2021-05-13','2021-05-13',102.53,7.00,0.00,7.18,0.00,109.71,'Teléfono e internet',32),(192,1,'P0063',36,1,'2021-05-17','2021-05-17',117.65,0.00,15.00,0.00,17.65,100.00,'Artículo patrocinado',1),(193,1,'00169',1,2,'2021-05-25','2021-05-25',110.00,7.00,15.00,7.70,16.50,101.20,'Mantenimiento buenavistagolf.es - Mayo 2021',1),(194,1,'00170',2,2,'2021-05-25','2021-05-25',2500.00,7.00,15.00,175.00,375.00,2300.00,'Servicios informáticos - Mayo 2021',1),(195,2,'29493',37,2,'2021-05-15','2021-05-15',437.59,0.00,0.00,0.00,0.00,437.59,'Mobiliario',14),(196,2,'',8,1,'2021-05-26','2021-05-26',9.17,0.00,0.00,0.00,0.00,9.17,'Comisiones',25),(197,1,'P0064',38,1,'2021-05-25','2021-05-25',180.00,0.00,0.00,0.00,0.00,180.00,'Pack 2 posts patrocinados',1),(198,1,'P0065',5,1,'2021-05-27','2021-05-27',159.03,0.00,0.00,0.00,0.00,159.03,'Publicidad en la web (Factura #304011)',1),(199,1,'P0066',3,1,'2021-06-01','2021-06-01',49.75,7.00,15.00,3.48,7.46,45.77,'Banner en la web (marzo-abril 2021)',1),(209,2,'1889580622',14,2,'2021-06-21','2021-06-21',20.14,0.00,0.00,0.00,0.00,20.14,'Renovación de dominios (winflisailtrip.com)',14),(201,2,'FMDKMFE0034739',10,2,'2021-06-13','2021-06-13',103.36,7.00,0.00,7.24,0.00,110.60,'Teléfono e internet',32),(202,2,'000497',12,2,'2021-06-01','2021-06-01',50.00,7.00,0.00,3.50,0.00,53.50,'Gastos de gestoría',34),(203,2,'',11,2,'2021-05-31','2021-05-31',286.15,0.00,0.00,0.00,0.00,286.15,'Cuota autónomos',18),(204,2,'',11,2,'2021-05-31','2021-05-31',30.90,0.00,0.00,0.00,0.00,30.90,'Cuota autónomos',18),(205,2,'000396',12,2,'2021-05-04','2021-05-04',60.00,7.00,0.00,4.20,0.00,64.20,'Gastos de gestoría',34),(206,1,'P0067',4,1,'2021-06-18','2021-06-18',100.00,0.00,0.00,0.00,0.00,100.00,'Anuncio Bet365 - 100.000 visitas',1),(207,1,'P0068',39,1,'2021-06-23','2021-06-23',100.00,0.00,15.00,0.00,15.00,85.00,'Post patrocinado',1),(208,2,'INV-60C10751557E3',5,1,'2021-06-09','2021-06-09',37.24,0.00,0.00,0.00,0.00,37.24,'Servicio online',34),(210,2,'RCD32049587',40,2,'2021-06-21','2021-06-21',21.86,0.00,0.00,0.00,0.00,21.86,'Plantilla WordPress',14),(211,2,'11285',32,2,'2021-06-21','2021-06-21',13.79,0.00,0.00,0.00,0.00,13.79,'Renovación de dominios (turumbas.com)',14),(212,2,'',11,2,'2021-06-30','2021-06-30',286.15,0.00,0.00,0.00,0.00,286.15,'Cuota autónomos',18),(213,2,'',11,2,'2021-06-30','2021-06-30',2.84,0.00,0.00,0.00,0.00,2.84,'Cuota autónomos',18),(214,1,'P0069',5,1,'2021-06-28','2021-06-28',183.21,0.00,0.00,0.00,0.00,183.21,'Publicidad en la web (Factura #318086)',1),(215,1,'P0070',34,1,'2021-07-02','2021-07-02',100.00,0.00,0.00,0.00,0.00,100.00,'Post patrocinado',1),(216,1,'P0071',27,1,'2021-07-08','2021-07-08',100.00,0.00,0.00,0.00,0.00,100.00,'Artículo patrocinado',1),(217,2,'FMDKMGE0013467',10,2,'2021-07-13','2021-07-13',101.39,7.00,0.00,7.10,0.00,108.49,'Teléfono e internet',32),(218,1,'P0072',6,1,'2021-07-23','2021-07-23',87.12,0.00,0.00,0.00,0.00,87.12,'iZooto',1),(219,1,'00171',1,2,'2021-06-25','2021-06-25',110.00,7.00,15.00,7.70,16.50,101.20,'Mantenimiento buenavistagolf.es - Junio 2021',1),(220,1,'00172',2,2,'2021-06-25','2021-06-25',2500.00,7.00,15.00,175.00,375.00,2300.00,'Servicios informáticos - Junio 2021',1),(221,1,'00173',1,2,'2021-07-26','2021-07-26',110.00,7.00,15.00,7.70,16.50,101.20,'Mantenimiento buenavistagolf.es - Julio 2021',1),(222,1,'00174',2,2,'2021-07-26','2021-07-26',2500.00,7.00,15.00,175.00,375.00,2300.00,'Servicios informáticos - Julio 2021',1),(223,1,'P0073',4,1,'2021-07-26','2021-07-26',200.00,0.00,0.00,0.00,0.00,200.00,'Anuncio Bet365 - 200.000 visitas',1),(224,1,'P0074',5,1,'2021-07-27','2021-07-27',256.38,0.00,0.00,0.00,0.00,256.38,'Publicidad en la web (Factura #332659)',1),(225,2,'',11,2,'2021-07-30','2021-07-30',2.84,0.00,0.00,0.00,0.00,2.84,'Cuota autónomos',18),(226,2,'',11,2,'2021-07-30','2021-07-30',286.15,0.00,0.00,0.00,0.00,286.15,'Cuota autónomos',18),(227,2,'AEU-INV-IT-2021-2181150',41,1,'2021-07-19','2021-07-19',99.17,0.00,0.00,0.00,0.00,99.17,'Material informático',14),(228,2,'AEU-INV-PL-2021-7594602',42,1,'2021-07-29','2021-07-29',71.40,0.00,0.00,0.00,0.00,71.40,'Material informático',14),(229,2,'000689',12,2,'2021-08-01','2021-08-01',72.12,7.00,0.00,5.05,0.00,77.17,'Gastos de gestoría',34),(230,1,'P0075',3,1,'2021-08-05','2021-08-05',99.21,7.00,15.00,6.94,14.88,91.27,'Banner en la web (mayo-julio 2021)',1),(231,1,'P0076',43,1,'2021-08-05','2021-08-05',80.00,0.00,15.00,0.00,12.00,68.00,'Post patrocinado',1),(232,1,'P0077',44,1,'2021-08-06','2021-08-06',160.00,0.00,0.00,0.00,0.00,160.00,'Dos posts patrocinados',1),(233,1,'P0078',45,1,'2021-08-10','2021-08-10',180.00,0.00,0.00,0.00,0.00,180.00,'Pack de 2 posts patrocinados',1),(234,1,'P0079',46,1,'2021-08-10','2021-08-10',80.00,0.00,0.00,0.00,0.00,80.00,'Post patrocinado',1),(235,2,'INV-611172E1199B7',5,1,'2021-08-10','2021-08-10',32.06,0.00,0.00,0.00,0.00,32.06,'Servicio online',34),(236,1,'P0080',47,1,'2021-08-12','2021-08-12',100.00,0.00,0.00,0.00,0.00,100.00,'Post patrocinado',1),(237,1,'P0081',48,1,'2021-08-15','2021-08-15',100.00,0.00,0.00,0.00,0.00,100.00,'Post patrocinado',1),(238,1,'00175',1,2,'2021-08-25','2021-08-25',110.00,7.00,15.00,7.70,16.50,101.20,'Mantenimiento buenavistagolf.es - Agosto 2021',1),(239,1,'00176',2,2,'2021-08-25','2021-08-25',2500.00,7.00,15.00,175.00,375.00,2300.00,'Servicios informáticos - Agosto 2021',1),(240,1,'P0082',48,1,'2021-08-19','2021-08-19',80.00,0.00,0.00,0.00,0.00,80.00,'Post patrocinado',1),(241,2,'ES2021B144364',49,1,'2021-08-04','2021-08-04',15.99,7.00,0.00,1.12,0.00,17.11,'Renovación de dominio (canariasenforma.com)',14),(242,1,'P0083',5,1,'2021-08-27','2021-08-27',249.10,0.00,0.00,0.00,0.00,249.10,'Publicidad en la web (Factura #348243)',1),(243,2,'069331',51,2,'2021-08-30','2021-08-30',59.00,7.00,0.00,4.13,0.00,63.13,'Instalación maquinaria despacho',1),(244,2,'010-0008-142149',50,2,'2021-08-27','2021-08-27',213.00,0.00,0.00,0.00,0.00,213.00,'Equipamiento despacho',14),(245,2,'ES15GYNPAEUS',52,2,'2021-09-01','2021-09-01',49.99,0.00,0.00,0.00,0.00,49.99,'Equipamiento informático',14),(246,2,'',11,2,'2021-08-31','2021-08-31',286.15,0.00,0.00,0.00,0.00,286.15,'Cuota autónomos',18),(247,2,'',11,2,'2021-08-31','2021-08-31',2.84,0.00,0.00,0.00,0.00,2.84,'Cuota autónomos',18),(248,2,'FMDKMHE0012966',10,2,'2021-08-13','2021-08-13',101.65,7.00,0.00,7.12,0.00,108.77,'Teléfono e internet',32),(249,2,'202100033919 ',9,2,'2021-07-09','2021-07-09',22.98,0.00,0.00,0.00,0.00,22.98,'Electricidad',29),(250,2,'202100033919 ',9,2,'2021-07-09','2021-07-09',0.82,7.00,0.00,0.06,0.00,0.88,'Electricidad',29),(251,2,'202100038095 ',9,2,'2021-07-14','2021-07-14',27.52,0.00,0.00,0.00,0.00,27.52,'Electricidad',29),(252,2,'202100038095 ',9,2,'2021-07-14','2021-07-14',0.81,7.00,0.00,0.06,0.00,0.87,'Electricidad',29),(253,2,'202100041533 ',9,2,'2021-08-01','2021-08-01',28.09,0.00,0.00,0.00,0.00,28.09,'Electricidad',29),(254,2,'202100041533 ',9,2,'2021-08-01','2021-08-01',0.84,7.00,0.00,0.06,0.00,0.90,'Electricidad',29),(255,2,'202100048098 ',9,2,'2021-09-01','2021-09-01',31.11,0.00,0.00,0.00,0.00,31.11,'Electricidad',29),(256,2,'202100048098 ',9,2,'2021-09-01','2021-09-01',0.82,7.00,0.00,0.06,0.00,0.88,'Electricidad',29),(258,2,'INV-60E8945248F32',5,1,'2021-07-10','2021-07-10',37.21,0.00,0.00,0.00,0.00,37.21,'Servicio online',34),(259,2,'INV-613A5151DA704',5,1,'2021-09-09','2021-09-09',23.72,0.00,0.00,0.00,0.00,23.72,'Servicio online',34),(260,1,'P0084',46,1,'2021-09-08','2021-09-08',80.00,0.00,0.00,0.00,0.00,80.00,'Post patrocinado',1),(261,2,'',8,1,'2021-09-08','2021-09-08',4.27,0.00,0.00,0.00,0.00,4.27,'Comisiones',25),(262,2,'FMDKMIE0013313',10,2,'2021-09-13','2021-09-13',107.33,7.00,0.00,7.51,0.00,114.84,'Teléfono e internet',32),(263,1,'P0085',53,1,'2021-09-15','2021-09-15',320.00,0.00,0.00,0.00,0.00,320.00,'Pack 4 posts patrocinados',1),(264,2,'',8,1,'2021-09-15','2021-09-15',16.03,0.00,0.00,0.00,0.00,16.03,'Comisiones',25),(265,2,'1931642048',14,2,'2021-09-06','2021-09-06',20.14,0.00,0.00,0.00,0.00,20.14,'Renovación de dominios (michelacosta.com)',14),(266,2,'1941022598',14,2,'2021-09-22','2021-09-22',20.14,0.00,0.00,0.00,0.00,20.14,'Renovación de dominios (messi-vs-cristiano.com)',14),(267,2,'1943689400',14,2,'2021-09-27','2021-09-27',20.14,0.00,0.00,0.00,0.00,20.14,'Renovación de dominios (puntadeteno.com)',14),(268,1,'00177',1,2,'2021-09-27','2021-09-27',110.00,7.00,15.00,7.70,16.50,101.20,'Mantenimiento buenavistagolf.es - Septiembre 2021',1),(269,1,'00178',2,2,'2021-09-27','2021-09-27',2500.00,7.00,15.00,175.00,375.00,2300.00,'Servicios informáticos - Septiembre 2021',1),(270,1,'P0086',54,1,'2021-09-27','2021-09-27',100.00,0.00,0.00,0.00,0.00,100.00,'Artículo patrocinado',1),(271,2,'',8,1,'2021-09-27','2021-09-27',3.25,0.00,0.00,0.00,0.00,3.25,'Comisiones',25),(272,1,'P0087',5,1,'2021-09-28','2021-09-28',151.01,0.00,0.00,0.00,0.00,151.01,'Publicidad en la web (Factura #364830)',1),(273,1,'P0088',46,1,'2021-09-29','2021-09-29',80.00,0.00,0.00,0.00,0.00,80.00,'Post patrocinado',1),(274,2,'',8,1,'2021-09-30','2021-09-30',4.27,0.00,0.00,0.00,0.00,4.27,'Comisiones',25),(275,2,'202100058388',9,2,'2021-10-01','2021-10-01',33.14,0.00,0.00,0.00,0.00,33.14,'Electricidad',29),(276,2,'202100058388',9,2,'2021-10-01','2021-10-01',0.80,7.00,0.00,0.06,0.00,0.86,'Electricidad',29),(277,2,'',11,2,'2021-09-30','2021-09-30',286.15,0.00,0.00,0.00,0.00,286.15,'Cuota autónomos',18),(278,2,'',11,2,'2021-09-30','2021-09-30',2.84,0.00,0.00,0.00,0.00,2.84,'Cuota autónomos',18),(279,2,'INV-6161DE5456602',5,1,'2021-10-09','2021-10-09',24.26,0.00,0.00,0.00,0.00,24.26,'Servicio online',34),(280,1,'P0089',43,1,'2021-10-14','2021-10-14',88.23,0.00,15.00,0.00,13.23,75.00,'Post patrocinado',1),(281,2,'00001417578',15,2,'2021-10-11','2021-10-11',146.75,0.00,0.00,0.00,0.00,146.75,'Equipamiento despacho',14),(282,2,'FMDKMJE0026835',10,2,'2021-10-13','2021-10-13',107.21,7.00,0.00,7.50,0.00,114.72,'Teléfono e internet',32),(283,2,'802021/005747',23,2,'2021-09-17','2021-09-17',290.57,7.00,0.00,20.34,0.00,310.91,'Equipamiento de oficina (aire acondicionado)',14),(284,1,'00179',1,2,'2021-10-25','2021-10-25',110.00,7.00,15.00,7.70,16.50,101.20,'Mantenimiento buenavistagolf.es - Octubre 2021',1),(285,1,'00180',55,2,'2021-10-25','2021-10-25',3000.00,0.00,0.00,0.00,0.00,3000.00,'Servicios informáticos - Octubre 2021',1),(286,1,'P0090',4,1,'2021-10-25','2021-10-25',200.00,0.00,0.00,0.00,0.00,200.00,'Anuncio Bet365 - 200.000 visitas',1),(287,1,'P0091',5,1,'2021-10-27','2021-10-27',228.77,0.00,0.00,0.00,0.00,228.77,'Publicidad en la web (Factura #382407)',1),(288,1,'P0092',3,1,'2021-11-03','2021-11-03',93.95,7.00,15.00,6.58,14.09,86.44,'Banner en la web (agosto-octubre 2021)',1),(289,2,'000950',12,2,'2021-11-02','2021-11-02',60.00,7.00,0.00,4.20,0.00,64.20,'Gastos de gestoría',34),(290,2,'',11,2,'2021-10-29','2021-10-29',286.15,0.00,0.00,0.00,0.00,286.15,'Cuota autónomos',18),(291,2,'INV-618ABCCEDF1BD',5,1,'2021-11-09','2021-11-09',24.24,0.00,0.00,0.00,0.00,24.24,'Servicio online',34),(292,2,'2021-1282-GL',32,1,'2021-11-03','2021-11-03',22.19,0.00,0.00,0.00,0.00,22.19,'Contratación de dominios (barca-madrid.com y madrid-barca.com)',14),(293,2,'202100061027',9,2,'2021-11-01','2021-11-01',29.12,0.00,0.00,0.00,0.00,29.12,'Electricidad',29),(294,2,'202100061027',9,2,'2021-11-01','2021-11-01',0.82,7.00,0.00,0.06,0.00,0.88,'Electricidad',29),(295,2,'FMDKMKE0025192',10,2,'2021-11-13','2021-11-13',107.15,7.00,0.00,7.50,0.00,114.65,'Teléfono e internet',32),(296,1,'P0093',56,1,'2021-11-18','2021-11-18',125.00,0.00,0.00,0.00,0.00,125.00,'Post patrocinado',1),(297,1,'P0094',6,1,'2021-11-24','2021-11-24',89.45,0.00,0.00,0.00,0.00,89.45,'iZooto',1),(298,2,'',8,1,'2021-11-24','2021-11-24',4.72,0.00,0.00,0.00,0.00,4.72,'Comisiones',25),(299,1,'00181',1,2,'2021-11-25','2021-11-25',110.00,7.00,15.00,7.70,16.50,101.20,'Mantenimiento buenavistagolf.es - Noviembre 2021',1),(300,1,'00182',55,2,'2021-11-25','2021-11-25',3000.00,0.00,0.00,0.00,0.00,3000.00,'Servicios informáticos - Noviembre 2021',1),(301,1,'P0095',5,1,'2021-11-27','2021-11-27',196.10,0.00,0.00,0.00,0.00,196.10,'Publicidad en la web (Factura #401028)',1),(302,2,'',11,2,'2021-11-30','2021-11-30',286.15,0.00,0.00,0.00,0.00,286.15,'Cuota autónomos',18),(303,2,'1986883082',14,2,'2021-12-03','2021-12-03',20.14,0.00,0.00,0.00,0.00,20.14,'Renovación de dominios (naturalenglishfaculty.com)',14),(304,2,'202100069952',9,2,'2021-12-01','2021-12-01',29.14,0.00,0.00,0.00,0.00,29.14,'Electricidad',29),(305,2,'202100069952',9,2,'2021-12-01','2021-12-01',0.80,7.00,0.00,0.06,0.00,0.86,'Electricidad',29),(306,2,'',8,1,'2021-12-08','2021-12-08',5.59,0.00,0.00,0.00,0.00,5.59,'Comisiones',25),(307,2,'FMDKMLE0026428',10,2,'2021-12-13','2021-12-13',106.61,7.00,0.00,7.46,0.00,114.07,'Teléfono e internet',32),(308,2,'INV-61B249D89BDEC',5,1,'2021-12-09','2021-12-09',24.91,0.00,0.00,0.00,0.00,24.91,'Servicio online',34),(309,1,'P0096',57,1,'2021-12-23','2021-12-23',100.00,0.00,0.00,0.00,0.00,100.00,'Post patrocinado',1),(310,1,'00183',1,2,'2021-12-25','2021-12-25',110.00,7.00,15.00,7.70,16.50,101.20,'Mantenimiento buenavistagolf.es - Diciembre 2021',1),(311,1,'00184',55,2,'2021-12-25','2021-12-25',3000.00,0.00,0.00,0.00,0.00,3000.00,'Servicios informáticos - Diciembre 2021',1),(312,1,'P0097',5,1,'2021-12-27','2021-12-27',198.38,0.00,0.00,0.00,0.00,198.38,'Publicidad en la web (Factura #420614)',1),(313,2,'',8,1,'2021-12-29','2021-12-29',3.25,0.00,0.00,0.00,0.00,3.25,'Comisiones',25),(314,2,'',11,2,'2021-12-31','2021-12-31',288.97,0.00,0.00,0.00,0.00,288.97,'Cuota autónomos',18),(315,2,'202200000262',9,2,'2022-01-01','2022-01-01',29.12,0.00,0.00,0.00,0.00,29.12,'Electricidad',29),(316,2,'202200000262',9,2,'2022-01-01','2022-01-01',0.82,7.00,0.00,0.06,0.00,0.88,'Electricidad',29),(317,1,'P0098',3,1,'2021-12-31','2021-12-31',50.53,7.00,15.00,3.54,7.58,46.49,'Banner en la web (noviembre-diciembre 2021)',1),(318,2,'INV-61DB28526E51F',5,1,'2022-01-09','2022-01-09',50.87,0.00,0.00,0.00,0.00,50.87,'Servicio online',34),(319,2,'11893',32,1,'2022-01-10','2022-01-10',11.76,0.00,0.00,0.00,0.00,11.76,'Contratación de dominio (vini-ansu.com)',14),(320,2,'FMDKMAF0026034',10,2,'2022-01-13','2022-01-13',118.80,7.00,0.00,8.32,0.00,127.12,'Teléfono e internet',32),(321,2,'0.3/2022000024',58,2,'2022-01-21','2022-01-21',300.00,0.00,0.00,0.00,0.00,300.00,'Gafas',51),(322,1,'00185',1,2,'2022-01-25','2022-01-25',110.00,7.00,15.00,7.70,16.50,101.20,'Mantenimiento buenavistagolf.es - Enero 2022',1),(323,1,'00186',55,2,'2022-01-25','2022-01-25',3000.00,0.00,0.00,0.00,0.00,3000.00,'Servicios informáticos - Enero 2022',1),(324,1,'P0099',59,1,'2022-01-27','2022-01-27',100.00,0.00,15.00,0.00,15.00,85.00,'Pedido Growwer',1),(325,1,'P0100',5,1,'2022-01-28','2022-01-28',257.77,0.00,0.00,0.00,0.00,257.77,'Publicidad en la web (Factura #441187)',1),(326,2,'11917',32,1,'2022-02-06','2022-02-06',13.51,0.00,0.00,0.00,0.00,13.51,'Renovación de dominio (mbappe-haaland.com)',14),(327,2,'11916',32,1,'2022-02-06','2022-02-06',166.77,0.00,0.00,0.00,0.00,166.77,'Renovación de VPS',14),(328,2,'202200008206',9,2,'2022-02-01','2022-02-01',33.12,0.00,0.00,0.00,0.00,33.12,'Electricidad',29),(329,2,'202200008206',9,2,'2022-02-01','2022-02-01',0.82,7.00,0.00,0.06,0.00,0.88,'Electricidad',29),(330,2,'',11,2,'2022-01-31','2022-01-31',293.95,0.00,0.00,0.00,0.00,293.95,'Cuota autónomos',18),(331,2,'',11,2,'2022-01-31','2022-01-31',2.82,0.00,0.00,0.00,0.00,2.82,'Cuota autónomos',18),(332,2,'000116',12,2,'2022-02-04','2022-02-04',122.00,7.00,0.00,8.54,0.00,130.54,'Gastos de gestoría',34),(333,2,'INV-620406E7AC04E',5,1,'2022-02-09','2022-02-09',19.31,0.00,0.00,0.00,0.00,19.31,'Servicio online',34),(334,1,'P0101',44,1,'2022-02-10','2022-02-10',80.00,0.00,0.00,0.00,0.00,80.00,'Posts patrocinado',1),(335,2,'FMDKMBF0028425',10,2,'2022-02-13','2022-02-13',106.61,7.00,0.00,7.46,0.00,114.07,'Teléfono e internet',32),(336,2,'',8,1,'2022-02-14','2022-02-14',4.26,0.00,0.00,0.00,0.00,4.26,'Comisiones',25),(337,1,'00187',1,2,'2022-02-25','2022-02-25',110.00,7.00,15.00,7.70,16.50,101.20,'Mantenimiento buenavistagolf.es - Febrero 2022',1),(338,1,'00188',55,2,'2022-02-25','2022-02-25',3000.00,0.00,0.00,0.00,0.00,3000.00,'Servicios informáticos - Febrero 2022',1),(339,2,'11927',32,1,'2022-02-27','2022-02-27',684.50,0.00,0.00,0.00,0.00,684.50,'Renovación de hosting (michelacosta.com)',14),(340,2,'11937',32,1,'2022-03-08','2022-03-08',13.64,0.00,0.00,0.00,0.00,13.64,'Renovación de dominio (playerguessr.com)',14),(341,2,'11940',32,1,'2022-03-10','2022-03-10',13.64,0.00,0.00,0.00,0.00,13.64,'Renovación de dominio (playerguesser.com)',14),(342,2,'',11,2,'2022-02-28','2022-02-28',293.95,0.00,0.00,0.00,0.00,293.95,'Cuota autónomos',18),(343,1,'P0102',60,1,'2022-03-03','2022-03-03',110.00,0.00,0.00,0.00,0.00,110.00,'Post patrocinado',1),(344,1,'P0103',5,1,'2022-03-03','2022-03-03',85.22,0.00,0.00,0.00,0.00,85.22,'Publicidad en la web (Factura #462253)',1),(345,2,'000228',12,2,'2022-03-04','2022-03-04',100.00,7.00,0.00,7.00,0.00,107.00,'Gastos de gestoría',34),(346,2,'FMDKMCF0027334',10,2,'2022-03-13','2022-03-13',99.03,7.00,0.00,6.93,0.00,105.96,'Teléfono e internet',32),(347,2,'202200015443',9,2,'2022-03-01','2022-03-01',55.20,0.00,0.00,0.00,0.00,55.20,'Electricidad',29),(348,2,'202200015443',9,2,'2022-03-01','2022-03-01',0.75,7.00,0.00,0.05,0.00,0.80,'Electricidad',29),(349,2,'',8,1,'2022-03-09','2022-03-09',3.54,0.00,0.00,0.00,0.00,3.54,'Comisiones',25),(350,2,'INV-6228F0D6CE336',5,1,'2022-03-09','2022-03-09',20.29,0.00,0.00,0.00,0.00,20.29,'Servicio online',34),(351,1,'P0104',61,1,'2022-03-16','2022-03-16',110.00,0.00,0.00,0.00,0.00,110.00,'Post patrocinado',1),(352,1,'P0105',44,1,'2022-03-18','2022-03-18',75.00,0.00,0.00,0.00,0.00,75.00,'Posts patrocinado (mailing)',1),(353,1,'P0106',62,1,'2022-03-19','2022-03-19',45.00,0.00,0.00,0.00,0.00,45.00,'Posts patrocinado (mailing)',1),(354,1,'P0107',62,1,'2022-03-19','2022-03-19',45.00,0.00,0.00,0.00,0.00,45.00,'Posts patrocinado (mailing)',1),(355,1,'00189',1,2,'2022-03-25','2022-03-25',110.00,7.00,15.00,7.70,16.50,101.20,'Mantenimiento buenavistagolf.es - Marzo 2022',1),(356,1,'00190',55,2,'2022-03-25','2022-03-25',3000.00,0.00,0.00,0.00,0.00,3000.00,'Servicios informáticos - Marzo 2022',1),(357,1,'P0108',63,1,'2022-03-29','2022-03-29',40.00,0.00,0.00,0.00,0.00,40.00,'Inserción de enlace',1),(358,2,'FA007279',64,2,'2022-03-28','2022-03-28',194.68,7.00,0.00,13.63,0.00,208.31,'Devolo Magic 1 WiFi Multiroom Kit Adaptador Powerline PLC',14),(359,1,'P0109',5,1,'2022-03-29','2022-03-29',112.40,0.00,0.00,0.00,0.00,112.40,'Publicidad en la web (Factura #483844)',1),(360,2,'',11,2,'2022-03-31','2022-03-31',293.95,0.00,0.00,0.00,0.00,293.95,'Cuota autónomos',18),(361,2,'202200022556',9,2,'2022-04-01','2022-04-01',55.11,0.00,0.00,0.00,0.00,55.11,'Electricidad',29),(362,2,'202200022556',9,2,'2022-04-01','2022-04-01',0.83,7.00,0.00,0.06,0.00,0.89,'Electricidad',29),(363,1,'P0110',3,1,'2022-03-31','2022-03-31',39.14,7.00,15.00,2.74,5.87,36.01,'Banner en la web (enero-marzo 2022)',1),(364,1,'P0111',4,1,'2022-04-05','2022-04-05',200.00,0.00,0.00,0.00,0.00,200.00,'Anuncio Bet365 - 200.000 visitas',1),(365,1,'P0112',61,1,'2022-04-07','2022-04-07',75.00,0.00,0.00,0.00,0.00,75.00,'Post patrocinado',1),(366,2,'INV-6251CF76B8BD9',5,1,'2022-04-09','2022-04-09',20.30,0.00,0.00,0.00,0.00,20.30,'Servicio online',34),(367,2,'FMDKMDF0029404',10,2,'2022-04-13','2022-04-13',104.13,7.00,0.00,7.29,0.00,111.42,'Teléfono e internet',32),(368,1,'P0113',65,1,'2022-04-14','2022-04-14',75.00,0.00,0.00,0.00,0.00,75.00,'Posts patrocinado (mailing)',1),(369,1,'P0114',66,1,'2022-04-15','2022-04-15',60.00,0.00,0.00,0.00,0.00,60.00,'Artículo patrocinado',1),(370,1,'P0115',27,1,'2022-04-20','2022-04-20',100.00,0.00,0.00,0.00,0.00,100.00,'Artículo patrocinado',1),(371,2,'',8,1,'2022-04-20','2022-04-20',4.54,0.00,0.00,0.00,0.00,4.54,'Comisiones',25),(372,1,'00191',1,2,'2022-04-25','2022-04-25',110.00,7.00,15.00,7.70,16.50,101.20,'Mantenimiento buenavistagolf.es - Abril 2022',1),(373,1,'00192',55,2,'2022-04-25','2022-04-25',3000.00,0.00,0.00,0.00,0.00,3000.00,'Servicios informáticos - Abril 2022',1),(374,1,'P0116',6,1,'2022-04-25','2022-04-25',91.99,0.00,0.00,0.00,0.00,91.99,'iZooto',1),(375,2,'',8,1,'2022-04-25','2022-04-25',4.85,0.00,0.00,0.00,0.00,4.85,'Comisiones',25),(376,1,'P0117',67,1,'2022-04-26','2022-04-26',75.00,0.00,0.00,0.00,0.00,75.00,'Artículo patrocinado',1),(377,1,'P0118',5,1,'2022-04-26','2022-04-26',137.81,0.00,0.00,0.00,0.00,137.81,'Publicidad en la web (Factura #506291)',1),(378,1,'P0119',65,1,'2022-04-28','2022-04-28',75.00,0.00,0.00,0.00,0.00,75.00,'Posts patrocinado (mailing)',1),(379,2,'',11,2,'2022-04-29','2022-04-29',293.95,0.00,0.00,0.00,0.00,293.95,'Cuota autónomos',18),(380,2,'202200029411 ',9,2,'2022-05-01','2022-05-01',54.14,0.00,0.00,0.00,0.00,54.14,'Electricidad',29),(381,2,'202200029411',9,2,'2022-05-01','2022-05-01',0.80,7.00,0.00,0.06,0.00,0.86,'Electricidad',29),(382,2,'000422',12,2,'2022-05-03','2022-05-03',72.00,7.00,0.00,5.04,0.00,77.04,'Gastos de gestoría',34),(383,2,'FMDKMEF0028295',10,2,'2022-05-13','2022-05-13',104.13,7.00,0.00,7.29,0.00,111.42,'Teléfono e internet',32),(384,1,'P0120',66,1,'2022-05-18','2022-05-18',65.00,0.00,0.00,0.00,0.00,65.00,'Artículo patrocinado',1),(385,1,'P0121',68,1,'2022-05-19','2022-05-19',50.22,0.00,0.00,0.00,7.53,42.69,'Pago de SocialPubii.com',1),(386,1,'00193',1,2,'2022-05-25','2022-05-25',110.00,7.00,15.00,7.70,16.50,101.20,'Mantenimiento buenavistagolf.es - Mayo 2022',1),(387,1,'00194',55,2,'2022-05-25','2022-05-25',3000.00,0.00,0.00,0.00,0.00,3000.00,'Servicios informáticos - Mayo 2022',1),(388,2,'',11,2,'2022-05-31','2022-05-31',293.95,0.00,0.00,0.00,0.00,293.95,'Cuota autónomos',18),(389,1,'P0122',5,1,'2022-05-27','2022-05-27',116.80,0.00,0.00,0.00,0.00,116.80,'Publicidad en la web (Factura #529260)',1),(390,1,'P0123',69,1,'2022-06-02','2022-06-02',195.00,0.00,0.00,0.00,0.00,195.00,'Banner Italian Bookmakers',1),(391,2,'',8,1,'2022-06-02','2022-06-02',9.89,0.00,0.00,0.00,0.00,9.89,'Comisiones',25),(392,2,'FMDKMFF0030520',10,2,'2022-06-13','2022-06-13',104.13,7.00,0.00,7.29,0.00,111.42,'Teléfono e internet',32),(393,2,'INV-62795C5937302',5,1,'2022-05-09','2022-05-09',20.96,0.00,0.00,0.00,0.00,20.96,'Servicio online',34),(394,2,'202200037586',9,2,'2022-06-01','2022-06-01',54.11,0.00,0.00,0.00,0.00,54.11,'Electricidad',29),(395,2,'202200037586',9,2,'2022-06-01','2022-06-01',0.83,7.00,0.00,0.06,0.00,0.89,'Electricidad',29),(396,2,'INV-62A23C4357A20',5,1,'2022-06-09','2022-06-09',20.67,0.00,0.00,0.00,0.00,20.67,'Servicio online',34),(397,1,'P0124',70,1,'2022-06-14','2022-06-14',40.00,0.00,0.00,0.00,0.00,40.00,'Link en artículo existente',1),(398,1,'P0125',71,1,'2022-06-16','2022-06-16',75.00,0.00,0.00,0.00,0.00,75.00,'Artículo patrocinado',1),(399,1,'P0126',72,1,'2022-06-20','2022-06-20',125.00,0.00,0.00,0.00,0.00,125.00,'Artículo patrocinado',1),(400,2,'2235402840',14,2,'2022-06-21','2022-06-21',20.14,0.00,0.00,0.00,0.00,20.14,'Renovación de dominios (winflisailtrip.com)',14),(401,1,'00195',1,2,'2022-06-25','2022-06-25',110.00,7.00,15.00,7.70,16.50,101.20,'Mantenimiento buenavistagolf.es - Junio 2022',1),(402,1,'00196',55,2,'2022-06-25','2022-06-25',3000.00,0.00,0.00,0.00,0.00,3000.00,'Servicios informáticos - Junio 2022',1),(403,1,'P0127',5,1,'2022-06-27','2022-06-27',93.36,0.00,0.00,0.00,0.00,93.36,'Publicidad en la web (Factura #552250)',1),(404,2,'',11,2,'2022-06-30','2022-06-30',293.95,0.00,0.00,0.00,0.00,293.95,'Cuota autónomos',18),(405,2,'202200044668',9,2,'2022-07-01','2022-07-01',54.14,0.00,0.00,0.00,0.00,54.14,'Electricidad',29),(406,2,'202200044668',9,2,'2022-07-01','2022-07-01',0.80,7.00,0.00,0.06,0.00,0.86,'Electricidad',29),(407,2,'000634',12,2,'2022-07-01','2022-07-01',50.00,7.00,0.00,3.50,0.00,53.50,'Gastos de gestoría',34),(408,1,'P0128',3,1,'2022-06-30','2022-06-30',55.39,7.00,15.00,3.88,8.31,50.96,'Banner en la web (abril-junio 2022)',1),(409,2,'FMDKMGF0030323',10,2,'2022-07-13','2022-07-13',106.64,7.00,0.00,7.46,0.00,114.10,'Teléfono e internet',32),(410,2,'025-0006-954816',50,2,'2022-06-09','2022-06-09',309.76,0.00,0.00,0.00,0.00,309.76,'Equipamiento despacho',11),(411,1,'P0129',73,1,'2022-06-30','2022-06-30',75.00,0.00,0.00,0.00,0.00,75.00,'Post patrocinado',1),(412,1,'00197',1,2,'2022-07-25','2022-07-25',110.00,7.00,15.00,7.70,16.50,101.20,'Mantenimiento buenavistagolf.es - Julio 2022',1),(413,1,'00198',55,2,'2022-07-25','2022-07-25',3000.00,0.00,0.00,0.00,0.00,3000.00,'Servicios informáticos - Julio 2022',1),(414,2,'802022/003807',23,2,'2022-07-15','2022-07-15',12.88,7.00,0.00,0.90,0.00,13.78,'Norton 360 Deluxe 3 Dispositivos 1 Año Descarga Digital',14),(415,2,'802022/004178',23,2,'2022-07-29','2022-07-29',419.83,7.00,0.00,29.39,0.00,449.22,'Ordenador Portátil HP 15S-fq4044ns Intel Core i5-1155G7/8GB/512GB SSD/15.6\"',14),(416,2,'025-0008-981688',50,2,'2022-08-22','2022-08-22',355.58,0.00,0.00,0.00,0.00,355.58,'Equipamiento despacho',11),(417,2,'000746',12,2,'2022-08-01','2022-08-01',72.00,7.00,0.00,5.04,0.00,77.04,'Gastos de gestoría',34),(418,2,'',11,2,'2022-07-29','2022-07-29',293.95,0.00,0.00,0.00,0.00,293.95,'Cuota autónomos',18),(419,2,'',11,2,'2022-07-29','2022-07-29',2.82,0.00,0.00,0.00,0.00,2.82,'Cuota autónomos',18),(420,1,'P0130',5,1,'2022-07-28','2022-07-28',188.76,0.00,0.00,0.00,0.00,188.76,'Publicidad en la web (Factura #575930)',1),(421,2,'FMDKMHF0032761',10,2,'2022-08-13','2022-08-13',109.19,7.00,0.00,7.64,0.00,116.83,'Teléfono e internet',32),(422,2,'202200052066 ',9,2,'2022-08-01','2022-08-01',54.11,0.00,0.00,3.79,0.00,54.11,'Electricidad',29),(423,2,'202200052066 ',9,2,'2022-08-01','2022-08-01',0.83,7.00,0.00,0.06,0.00,0.89,'Electricidad',29),(424,1,'P0131',31,1,'2022-08-30','2022-08-30',175.00,0.00,0.00,0.00,0.00,175.00,'Post patrocinado',1),(425,1,'P0132',5,1,'2022-08-30','2022-08-30',114.25,0.00,0.00,0.00,0.00,114.25,'Publicidad en la web (Factura #600165)',1),(426,2,'',11,2,'2022-08-31','2022-08-31',293.95,0.00,0.00,0.00,0.00,293.95,'Cuota autónomos',18),(427,1,'00199',1,2,'2022-08-25','2022-08-25',110.00,7.00,15.00,7.70,16.50,101.20,'Mantenimiento buenavistagolf.es - Agosto 2022',1),(428,1,'00200',55,2,'2022-08-25','2022-08-25',3000.00,0.00,0.00,0.00,0.00,3000.00,'Servicios informáticos - Agosto 2022',1),(429,2,'202200059605',9,2,'2022-09-01','2022-09-01',54.09,0.00,0.00,0.00,0.00,54.09,'Electricidad',29),(430,2,'202200059605',9,2,'2022-09-01','2022-09-01',0.85,7.00,0.00,0.06,0.00,0.91,'Electricidad',29),(431,2,'FMDKMIF0032483',10,2,'2022-09-13','2022-09-13',105.87,7.00,0.00,7.41,0.00,113.28,'Teléfono e internet',32),(432,1,'P0133',74,1,'2022-09-14','2022-09-14',100.00,0.00,0.00,0.00,0.00,100.00,'Artículo patrocinado',1),(433,1,'P0134',75,1,'2022-09-16','2022-09-16',143.79,0.00,0.00,0.00,0.00,143.79,'Artículo patrocinado (125 GBP)',1),(434,1,'P0135',76,1,'2022-09-21','2022-09-21',99.44,0.00,0.00,0.00,0.00,99.44,'Pago GG102Y77FF por publicidad en michelacosta.com',1),(435,1,'P0136',73,1,'2022-09-22','2022-09-22',75.00,0.00,0.00,0.00,0.00,75.00,'Post patrocinado',1),(436,1,'00201',1,2,'2022-09-25','2022-09-25',110.00,7.00,15.00,7.70,16.50,101.20,'Mantenimiento buenavistagolf.es - Septiembre 2022',1),(437,1,'00202',55,2,'2022-09-25','2022-09-25',3000.00,0.00,0.00,0.00,0.00,3000.00,'Servicios informáticos - Septiembre 2022',1),(438,2,'2309717713',14,1,'2022-09-06','2022-09-06',20.14,0.00,0.00,0.00,0.00,20.14,'Renovación de dominios (michelacosta.com)',14),(439,2,'2321296842',14,1,'2022-09-19','2022-09-19',20.14,0.00,0.00,0.00,0.00,20.14,'Renovación de dominios (messi-vs-cristiano.com)',14),(440,2,'2328730598',14,1,'2022-09-26','2022-09-26',20.14,0.00,0.00,0.00,0.00,20.14,'Renovación de dominios (puntadeteno.com)',14),(441,2,'YC220925683LCT8G',77,2,'2022-09-27','2022-09-27',39.99,0.00,0.00,0.00,0.00,39.99,'IPC Video Stream Pushing',14),(442,1,'P0137',78,1,'2022-09-28','2022-09-28',1800.00,0.00,0.00,0.00,0.00,1800.00,'Banner ad on michelacosta.com for 12 months: 10 Oct 2022 – 09 Oct 2023',1),(443,1,'P0138',5,1,'2022-09-28','2022-09-28',115.37,0.00,0.00,0.00,0.00,115.37,'Publicidad en la web (Factura #625461)',1),(444,2,'',11,2,'2022-09-30','2022-09-30',293.95,0.00,0.00,0.00,0.00,293.95,'Cuota autónomos',18),(445,1,'P0139',31,1,'2022-09-30','2022-09-30',77.00,0.00,0.00,0.00,0.00,77.00,'Post patrocinado',1),(446,2,'10/9980',79,2,'2022-09-27','2022-09-27',534.68,7.00,0.00,37.43,0.00,572.11,'Reparación mecánica',33),(447,2,'202200065569',9,2,'2022-10-01','2022-10-01',54.14,0.00,0.00,3.79,0.00,54.14,'Electricidad',29),(448,2,'202200065569',9,2,'2022-10-01','2022-10-01',0.80,7.00,0.00,0.06,0.00,0.86,'Electricidad',29),(449,1,'P0140',80,1,'2022-10-07','2022-10-07',90.00,0.00,0.00,0.00,0.00,90.00,'Artículo patrocinado',1),(450,2,'',8,1,'2022-10-03','2022-10-03',4.02,0.00,0.00,0.00,0.00,4.02,'Comisiones',25),(451,1,'P0141',78,1,'2022-10-07','2022-10-07',360.00,0.00,0.00,0.00,0.00,360.00,'Banner ad on mbappe-haaland.com for 12 months: 20 Oct 2022 – 19 Oct 2023',1),(452,1,'P0142',74,1,'2022-10-17','2022-10-17',125.00,0.00,0.00,0.00,0.00,125.00,'Artículo patrocinado',1),(453,1,'00203',1,2,'2022-10-25','2022-10-25',110.00,7.00,15.00,7.70,16.50,101.20,'Mantenimiento buenavistagolf.es - Octubre 2022',1),(454,1,'00204',55,2,'2022-10-25','2022-10-25',3000.00,0.00,0.00,0.00,0.00,3000.00,'Servicios informáticos - Octubre 2022',1),(455,2,'2022-1468-GL',81,1,'2022-10-19','2022-10-19',29.82,0.00,0.00,0.00,0.00,29.82,'Renovación de dominios (barca-madrid.com y madrid-barca.com)',14),(456,2,'FMDKMJF0031518',10,2,'2022-10-13','2022-10-13',104.13,7.00,0.00,7.29,0.00,111.42,'Teléfono e internet',32),(457,1,'P0143',80,1,'2022-10-27','2022-10-27',90.00,0.00,0.00,0.00,0.00,90.00,'Artículo patrocinado',1),(458,1,'P0144',80,1,'2022-10-28','2022-10-28',125.00,0.00,0.00,0.00,0.00,125.00,'Artículo patrocinado',1),(459,2,'',11,2,'2022-10-31','2022-10-31',293.95,0.00,0.00,0.00,0.00,293.95,'Cuota autónomos',18),(460,1,'P0145',82,1,'2022-11-01','2022-11-01',100.00,0.00,0.00,0.00,0.00,100.00,'Artículo patrocinado',1),(461,1,'P0146',5,1,'2022-11-02','2022-11-02',160.48,0.00,0.00,0.00,0.00,160.48,'Publicidad en la web (Factura #652096)',1),(462,2,'202200072265',9,2,'2022-11-01','2022-11-01',54.11,0.00,0.00,0.00,0.00,54.11,'Electricidad',29),(463,2,'202200072265',9,2,'2022-11-01','2022-11-01',0.83,7.00,0.00,0.06,0.00,0.89,'Electricidad',29),(464,1,'P0147',73,1,'2022-11-04','2022-11-04',75.00,0.00,0.00,0.00,0.00,75.00,'Post patrocinado',1),(465,1,'P0148',83,1,'2022-11-04','2022-11-04',125.00,0.00,0.00,0.00,0.00,125.00,'Artículo patrocinado',1),(466,2,'001037',12,2,'2022-11-02','2022-11-02',72.00,7.00,0.00,5.04,0.00,77.04,'Gastos de gestoría',34),(467,2,'FMDKMKF0041965',10,2,'2022-11-13','2022-11-13',99.17,7.00,0.00,6.94,0.00,106.12,'Teléfono e internet',32),(468,1,'P0149',84,1,'2022-11-11','2022-11-11',90.00,0.00,0.00,0.00,0.00,90.00,'Post patrocinado',1),(469,1,'P0150',4,1,'2022-11-17','2022-11-17',200.00,0.00,0.00,0.00,0.00,200.00,'Anuncio Bet365 - 200.000 visitas',1),(470,1,'P0151',85,1,'2022-11-17','2022-11-17',75.00,0.00,0.00,0.00,0.00,75.00,'Post patrocinado',1),(471,1,'P0152',76,1,'2022-11-22','2022-11-22',74.34,0.00,0.00,0.00,0.00,74.34,'Pago GG1030FCBX por publicidad en michelacosta.com',1),(472,1,'00205',1,2,'2022-11-25','2022-11-25',110.00,7.00,15.00,7.70,16.50,101.20,'Mantenimiento buenavistagolf.es - Noviembre 2022',1),(473,1,'00206',55,2,'2022-11-25','2022-11-25',3000.00,0.00,0.00,0.00,0.00,3000.00,'Servicios informáticos - Noviembre 2022',1),(474,2,'',11,2,'2022-11-30','2022-11-30',293.95,0.00,0.00,0.00,0.00,293.95,'Cuota autónomos',18),(475,1,'P0153',5,1,'2022-11-30','2022-11-30',171.37,0.00,0.00,0.00,0.00,171.37,'Publicidad en la web (Factura #679626)',1),(476,2,'2348986094',14,1,'2022-10-17','2022-10-17',60.42,0.00,0.00,0.00,0.00,60.42,'Renovación de dominios (brokerfantasy.com) (3 años)',14),(477,2,'2395937779',14,1,'2022-12-03','2022-12-03',20.18,0.00,0.00,0.00,0.00,20.18,'Renovación de dominios (naturalenglishfaculty.com)',14),(478,1,'P0154',86,1,'2022-12-09','2022-12-09',75.00,0.00,0.00,0.00,0.00,75.00,'Post patrocinado',1),(479,2,'202200083764',9,2,'2022-12-01','2022-12-01',54.14,0.00,0.00,0.00,0.00,54.14,'Electricidad',29),(480,2,'202200083764',9,2,'2022-12-01','2022-12-01',0.80,7.00,0.00,0.06,0.00,0.86,'Electricidad',29),(481,2,'FMDKMLF0031701',10,2,'2022-12-13','2022-12-13',99.17,7.00,0.00,6.94,0.00,106.12,'Teléfono e internet',32),(482,1,'00207',1,2,'2022-12-25','2022-12-25',110.00,7.00,15.00,7.70,16.50,101.20,'Mantenimiento buenavistagolf.es - Diciembre 2022',1),(483,1,'00208',55,2,'2022-12-25','2022-12-25',3000.00,0.00,0.00,0.00,0.00,3000.00,'Servicios informáticos - Diciembre 2022',1),(484,1,'P0155',82,1,'2022-12-25','2022-12-25',100.00,0.00,0.00,0.00,0.00,100.00,'Artículo patrocinado',1),(485,2,'',11,2,'2022-12-30','2022-12-30',293.95,0.00,0.00,0.00,0.00,293.95,'Cuota autónomos',18),(486,2,'000031',12,2,'2023-01-03','2023-01-03',50.00,7.00,0.00,3.50,0.00,53.50,'Gastos de gestoría',34),(487,1,'P0156',5,1,'2023-01-05','2023-01-05',117.62,0.00,0.00,0.00,0.00,117.62,'Publicidad en la web (Factura #708156)',1),(488,2,'MC12777127',87,1,'2023-01-05','2023-01-05',45.09,0.00,0.00,0.00,0.00,45.09,'Servicio de envío de correos',35),(489,2,'202300000116',9,2,'2023-01-01','2023-01-01',54.11,0.00,0.00,0.00,0.00,54.11,'Electricidad',29),(490,2,'202300000116',9,2,'2023-01-01','2023-01-01',0.83,7.00,0.00,0.06,0.00,0.89,'Electricidad',29),(491,2,'FMDKMAG0032114',10,2,'2023-01-13','2023-01-13',99.17,7.00,0.00,6.94,0.00,106.12,'Teléfono e internet',32),(492,1,'P0157',88,1,'2023-01-12','2023-01-12',600.00,0.00,0.00,0.00,0.00,600.00,'6 posts patrocinados',1),(493,1,'P0158',82,1,'2023-01-16','2023-01-16',100.00,0.00,0.00,0.00,0.00,100.00,'Artículo patrocinado',1),(494,1,'00209',1,2,'2023-01-25','2023-01-25',110.00,7.00,15.00,7.70,16.50,101.20,'Mantenimiento buenavistagolf.es - Enero 2023',1),(495,1,'00210',55,2,'2023-01-25','2023-01-25',3000.00,0.00,0.00,0.00,0.00,3000.00,'Servicios informáticos - Enero 2023',1),(496,2,'',11,2,'2023-01-31','2023-01-31',299.71,0.00,0.00,0.00,0.00,299.71,'Cuota autónomos',18),(497,1,'P0159',5,1,'2023-01-31','2023-01-31',346.96,0.00,0.00,0.00,0.00,346.96,'Publicidad en la web (Factura #737210)',1),(498,2,'202300007009',9,2,'2023-02-01','2023-02-01',54.12,0.00,0.00,0.00,0.00,54.12,'Electricidad',29),(499,2,'202300007009',9,2,'2023-02-01','2023-02-01',0.82,7.00,0.00,0.06,0.00,0.88,'Electricidad',29),(500,2,'MC12913647',87,1,'2023-02-05','2023-02-05',39.33,0.00,0.00,0.65,0.00,39.33,'Servicio de envío de correos',35),(501,2,'2023-1505-GL',81,1,'2023-02-04','2023-02-04',164.58,0.00,0.00,0.00,0.00,164.58,'Renovación VPS Premium',14),(502,2,'2023-1506-GL',81,1,'2023-02-05','2023-02-05',13.33,0.00,0.00,0.00,0.00,13.33,'Renovación dominio mbappe-haaland.com',14),(503,2,'000143',12,2,'2023-02-06','2023-02-06',122.00,7.00,0.00,8.54,0.00,130.54,'Gastos de gestoría',34),(504,2,'FMDKMBG0029084',10,2,'2023-02-13','2023-02-13',102.37,7.00,0.00,7.17,0.00,109.54,'Teléfono e internet',32),(505,2,'2FS55711JN872751A',4,1,'2023-02-09','2023-02-09',95.00,0.00,0.00,0.00,0.00,95.00,'Devolución parcial de la publicidad por cese de la colaboración',14),(506,2,'12376',81,1,'2023-02-13','2023-02-13',690.54,0.00,0.00,0.00,0.00,690.54,'Renovación hosting',14),(507,1,'P0160',89,1,'2023-02-17','2023-02-17',110.06,0.00,0.00,0.00,0.00,110.06,'Vídeo en la web (michelacosta.com)',1),(508,2,'',8,1,'2023-02-17','2023-02-17',5.73,0.00,0.00,0.00,0.00,5.73,'Comisiones',25),(509,1,'P0161',59,1,'2023-02-27','2023-02-27',100.00,0.00,15.00,0.00,15.00,85.00,'Pedido Growwer (734561d4-7f49-46e0-be7e-37e9066bd380)',1),(510,1,'00211',1,2,'2023-02-27','2023-02-27',110.00,7.00,15.00,7.70,16.50,101.20,'Mantenimiento buenavistagolf.es - Febrero 2023',1),(511,1,'00212',55,2,'2023-02-27','2023-02-27',3000.00,0.00,0.00,0.00,0.00,3000.00,'Servicios informáticos - Febrero 2023',1),(512,2,'',11,2,'2023-02-28','2023-02-28',299.71,0.00,0.00,0.00,0.00,299.71,'Cuota autónomos',18),(513,1,'P0162',90,1,'2023-02-28','2023-02-28',77.00,0.00,0.00,0.00,0.00,77.00,'Post patrocinado',1),(514,2,'202300017534',9,2,'2023-03-01','2023-03-01',83.21,0.00,0.00,0.00,0.00,83.21,'Electricidad',29),(515,2,'202300017534',9,2,'2023-03-01','2023-03-01',0.74,7.00,0.00,0.05,0.00,0.79,'Electricidad',29),(516,2,'12396',81,1,'2023-03-01','2023-03-01',13.65,0.00,0.00,0.00,0.00,13.65,'Renovación dominio (playerguessr.com)',14),(517,2,'12398',81,1,'2023-03-03','2023-03-03',13.75,0.00,0.00,0.00,0.00,13.75,'Renovación dominio (playerguesser.com)',14),(518,1,'P0163',5,1,'2023-03-03','2023-03-03',124.52,0.00,0.00,0.00,0.00,124.52,'Publicidad en la web (Factura #766422)',1),(519,2,'000264',12,2,'2023-03-02','2023-03-02',100.00,7.00,0.00,7.00,0.00,107.00,'Gastos de gestoría',34),(520,2,'20230211',92,2,'2023-02-11','2023-02-11',44.58,21.00,0.00,9.36,0.00,53.94,'Batería portátil MSI',14),(521,2,'408-6369902-0226757',91,2,'2023-02-11','2023-02-11',44.58,21.00,0.00,9.36,0.00,53.94,'Cable de encendido portátil MSI',14),(522,2,'025-0003-053265',50,2,'2023-03-08','2023-03-08',279.99,0.00,0.00,0.00,0.00,279.99,'Equipamiento',11),(523,2,'404-7923100-6013949',93,2,'2023-02-23','2023-02-23',65.56,0.00,0.00,0.00,0.00,65.56,'Batería portátil MSI',14),(524,2,'FMDKMCG0042565',10,2,'2023-03-13','2023-03-13',109.70,7.00,0.00,7.68,0.00,117.38,'Teléfono e internet',32),(525,1,'P0164',94,1,'2023-03-22','2023-03-22',110.00,0.00,0.00,0.00,0.00,110.00,'Post patrocinado',1),(526,1,'00213',1,2,'2023-03-26','2023-03-26',110.00,7.00,15.00,7.70,16.50,101.20,'Mantenimiento buenavistagolf.es - Marzo 2023',1),(527,1,'00214',55,2,'2023-03-26','2023-03-26',3000.00,0.00,0.00,0.00,0.00,3000.00,'Servicios informáticos - Marzo 2023',1),(528,1,'P0165',95,1,'2023-03-30','2023-03-30',90.00,0.00,0.00,0.00,0.00,90.00,'Post patrocinado',1),(529,1,'P0166',5,1,'2023-03-30','2023-03-30',63.31,0.00,0.00,0.00,0.00,63.31,'Publicidad en la web (Factura #798662)',1),(530,2,'',11,2,'2023-03-31','2023-03-31',299.71,0.00,0.00,0.00,0.00,299.71,'Cuota autónomos',18),(531,2,'FMDKMDG0038349',10,2,'2023-04-13','2023-04-13',105.79,7.00,0.00,7.40,0.00,113.19,'Teléfono e internet',32),(532,2,'202300026469',9,2,'2023-04-14','2023-04-14',5.36,0.00,0.00,0.00,0.00,5.36,'Electricidad',29),(533,2,'202300026469',9,2,'2023-04-14','2023-04-14',0.05,7.00,0.00,0.00,0.00,0.05,'Electricidad',29),(534,1,'P0167',96,1,'2023-04-25','2023-04-25',117.65,0.00,15.00,0.00,17.65,100.00,'Post patrocinado',1),(535,1,'00215',1,2,'2023-04-25','2023-04-25',110.00,7.00,15.00,7.70,16.50,101.20,'Mantenimiento buenavistagolf.es - Abril 2023',1),(536,1,'00216',55,2,'2023-04-25','2023-04-25',3000.00,0.00,0.00,0.00,0.00,3000.00,'Servicios informáticos - Abril 2023',1),(537,1,'P0168',97,1,'2023-04-27','2023-04-27',126.82,0.00,0.00,0.00,0.00,126.82,'Post patrocinado',1),(538,2,'',11,2,'2023-04-28','2023-04-28',299.71,0.00,0.00,0.00,0.00,299.71,'Cuota autónomos',18),(539,2,'000140',98,2,'2023-05-01','2023-05-01',72.00,7.00,0.00,5.04,0.00,77.04,'Gastos de gestoría',34),(540,1,'P0169',5,1,'2023-05-02','2023-05-02',65.71,0.00,0.00,0.00,0.00,65.71,'Publicidad en la web (Factura #842519)',1),(541,2,'FMDKMEG0023993',10,2,'2023-05-13','2023-05-13',106.47,7.00,0.00,7.45,0.00,113.92,'Teléfono e internet',32),(542,1,'P0170',82,1,'2023-05-17','2023-05-17',300.00,0.00,0.00,0.00,0.00,300.00,'Artículo patrocinado x3',1),(543,1,'P0171',82,1,'2023-05-19','2023-05-19',90.00,0.00,0.00,0.00,0.00,90.00,'Artículo patrocinado',1),(544,1,'00217',1,2,'2023-05-25','2023-05-25',110.00,7.00,15.00,7.70,16.50,101.20,'Mantenimiento buenavistagolf.es - Mayo 2023',1),(545,1,'00218',55,2,'2023-05-25','2023-05-25',3000.00,0.00,0.00,0.00,0.00,3000.00,'Servicios informáticos - Mayo 2023',1),(546,1,'P0172',82,1,'2023-05-25','2023-05-25',180.00,0.00,0.00,0.00,0.00,180.00,'Artículo patrocinado x2',1),(547,2,'',11,2,'2023-05-31','2023-05-31',299.71,0.00,0.00,0.00,0.00,299.71,'Cuota autónomos',18),(548,1,'P0173',99,1,'2023-05-29','2023-05-29',175.00,0.00,0.00,0.00,0.00,175.00,'Post patrocinado',1),(549,1,'P0174',100,1,'2023-06-01','2023-06-01',125.00,0.00,0.00,0.00,0.00,125.00,'Post patrocinado',1),(550,1,'P0175',5,1,'2023-06-01','2023-06-01',64.24,0.00,0.00,0.00,0.00,64.24,'Publicidad en la web (Factura #924428)',1),(551,2,'IEE2023004892243',101,1,'2023-05-05','2023-05-05',29.99,0.00,0.00,0.00,0.00,29.99,'Licencia mensual Adobe Premiere',14),(552,2,'IEE2023006040281',101,1,'2023-06-05','2023-06-05',29.99,0.00,0.00,0.00,0.00,29.99,'Licencia mensual Adobe Premiere',14),(553,1,'P0176',82,1,'2023-06-08','2023-06-07',90.00,0.00,0.00,0.00,0.00,90.00,'Artículo patrocinado',1),(554,1,'P0177',102,1,'2023-06-08','2023-06-07',125.00,0.00,0.00,0.00,0.00,125.00,'Post patrocinado',1),(555,1,'P0178',103,1,'2023-06-08','2023-06-08',18.88,0.00,0.00,0.00,0.00,18.88,'Revenue May 2023',1),(556,2,'FMDKMFG0032959',10,2,'2023-06-13','2023-06-13',105.79,7.00,0.00,7.40,0.00,113.19,'Teléfono e internet',32),(557,1,'P0179',104,1,'2023-06-08','2023-06-08',125.00,0.00,0.00,0.00,0.00,125.00,'Post patrocinado',1),(558,2,'12486',81,1,'2023-06-16','2023-06-16',1.85,0.00,0.00,0.00,0.00,1.85,'Renovación dominio (turumbas.com)',14),(559,2,'',8,1,'2023-06-13','2023-06-13',6.46,0.00,0.00,0.00,0.00,6.46,'Comisiones',25),(560,2,'',8,1,'2023-06-09','2023-06-09',6.46,0.00,0.00,0.00,0.00,6.46,'Comisiones',25),(561,2,'',8,1,'2023-05-30','2023-05-30',5.43,0.00,0.00,0.00,0.00,5.43,'Comisiones',25),(562,2,'',8,1,'2023-05-02','2023-05-02',3.98,0.00,0.00,0.00,0.00,3.98,'Comisiones',25),(563,2,'',8,1,'2023-04-27','2023-04-27',4.36,0.00,0.00,0.00,0.00,4.36,'Comisiones',25),(564,2,'5960834094026695-12414679',105,1,'2023-05-24','2023-05-24',40.00,0.00,0.00,0.00,0.00,40.00,'Publicidad en Facebook',14),(565,2,'5876251129151664-12420474',105,1,'2023-05-25','2023-05-25',40.00,0.00,0.00,0.00,0.00,40.00,'Publicidad en Facebook',14),(566,2,'5938516206258486-12426138',105,1,'2023-05-26','2023-05-26',40.00,0.00,0.00,0.00,0.00,40.00,'Publicidad en Facebook',14),(567,2,'6172248662885242-12472527',105,1,'2023-06-01','2023-06-01',17.60,0.00,0.00,0.00,0.00,17.60,'Publicidad en Facebook',14),(568,1,'00219',1,2,'2023-06-25','2023-06-25',110.00,7.00,15.00,7.70,16.50,101.20,'Mantenimiento buenavistagolf.es - Junio 2023',1),(569,1,'00220',55,2,'2023-06-25','2023-06-25',3000.00,0.00,0.00,0.00,0.00,3000.00,'Servicios informáticos - Junio 2023',1),(570,1,'P0180',102,1,'2023-06-27','2023-06-27',125.00,0.00,0.00,0.00,0.00,125.00,'Post patrocinado',1),(571,1,'P0181',106,1,'2023-06-28','2023-06-28',100.00,0.00,0.00,0.00,0.00,100.00,'Post patrocinado',1),(572,2,'',11,2,'2023-06-30','2023-06-30',299.71,0.00,0.00,0.00,0.00,299.71,'Cuota autónomos',18),(573,1,'P0182',5,1,'2023-07-01','2023-07-01',72.73,0.00,0.00,0.00,0.00,72.73,'Publicidad en la web (Factura #965449)',1),(574,2,'000371',98,2,'2023-07-01','2023-07-01',50.00,7.00,0.00,3.50,0.00,53.50,'Gastos de gestoría',34),(575,1,'P0183',103,1,'2023-07-03','2023-07-03',31.86,0.00,0.00,0.00,0.00,31.86,'Revenue June 2023',1),(576,2,'FMDKMGG0022361',10,2,'2023-07-12','2023-07-12',105.79,7.00,0.00,7.40,0.00,113.19,'Teléfono e internet',32),(577,2,'010-0006-536632',50,2,'2023-06-22','2023-06-22',897.00,0.00,0.00,0.00,0.00,897.00,'Equipamiento',11),(578,2,'010-006-541466',50,2,'2023-06-29','2023-06-29',1379.50,0.00,0.00,0.00,0.00,1379.50,'Equipamiento',11),(579,2,'010-0006-R167068',50,2,'2023-06-02','2023-06-02',1486.50,0.00,0.00,0.00,0.00,1486.50,'Equipamiento',11),(580,1,'P0184',76,1,'2023-07-21','2023-07-21',75.83,0.00,0.00,0.00,0.00,75.83,'Pago GG1039E62T por publicidad en michelacosta.com',1),(581,1,'00221',1,2,'2023-07-25','2023-07-25',110.00,7.00,15.00,7.70,16.50,101.20,'Mantenimiento buenavistagolf.es - Julio 2023',1),(582,1,'00222',55,2,'2023-07-25','2023-07-25',3000.00,0.00,0.00,0.00,0.00,3000.00,'Servicios informáticos - Julio 2023',1),(583,1,'P0185',85,1,'2023-07-28','2023-07-28',75.00,0.00,0.00,0.00,0.00,75.00,'Post patrocinado',1),(584,2,'',11,2,'2023-07-31','2023-07-31',299.71,0.00,0.00,0.00,0.00,299.71,'Cuota autónomos',18),(585,1,'P0186',5,1,'2023-08-02','2023-08-02',84.57,0.00,0.00,0.00,0.00,84.57,'Publicidad en la web (Factura #1013432)',1),(586,2,'000483',98,2,'2023-08-02','2023-08-02',72.00,7.00,0.00,5.04,0.00,77.04,'Gastos de gestoría',34),(587,1,'P0187',103,1,'2023-08-04','2023-08-04',31.23,0.00,0.00,0.00,0.00,31.23,'Revenue July 2023',1),(588,1,'P0188',69,1,'2023-08-09','2023-08-09',195.00,0.00,0.00,0.00,0.00,195.00,'Banner Italian Bookmakers (hasta agosto 2024)',1),(589,2,'FMDKMHG0037225',10,2,'2023-08-13','2023-08-13',105.79,7.00,0.00,7.40,0.00,113.19,'Teléfono e internet',32),(590,2,'1NdGz920pzSdy0d5EA50Io0y',5,1,'2023-08-09','2023-08-09',20.06,0.00,0.00,0.00,0.00,20.06,'Servicio online',34),(596,2,'N23SSN000007912',107,2,'2023-08-03','2023-08-03',0.88,0.00,0.00,0.00,0.00,0.88,'Electricidad',29),(592,1,'P0189',108,1,'2023-08-22','2023-08-22',100.00,0.00,0.00,0.00,0.00,100.00,'Post patrocinado',1),(593,1,'00223',1,2,'2023-08-25','2023-08-25',110.00,7.00,15.00,7.70,16.50,101.20,'Mantenimiento buenavistagolf.es - Agosto 2023',1),(594,1,'00224',55,2,'2023-08-25','2023-08-25',3000.00,0.00,0.00,0.00,0.00,3000.00,'Servicios informáticos - Agosto 2023',1),(595,2,'',11,2,'2023-08-31','2023-08-31',299.71,0.00,0.00,0.00,0.00,299.71,'Cuota autónomos',18),(597,2,'N23SSN000007912',107,2,'2023-08-03','2023-08-03',0.03,7.00,0.00,0.00,0.00,0.03,'Electricidad',29),(598,2,'N23SSN000007912',107,2,'2023-08-03','2023-08-03',21.71,7.00,0.00,1.52,0.00,23.23,'Electricidad',29),(599,2,'N23SSN000008082',107,2,'2023-08-04','2023-08-04',0.16,0.00,0.00,0.00,0.00,0.16,'Electricidad',29),(600,2,'N23SSN000008082',107,2,'2023-08-04','2023-08-04',11.21,7.00,0.00,0.79,0.00,12.00,'Electricidad',29),(601,2,'N23SSN000009023',107,2,'2023-08-07','2023-08-07',19.53,0.00,0.00,1.37,0.00,19.53,'Electricidad',29),(602,2,'N23SSN000009023',107,2,'2023-08-07','2023-08-07',2.27,7.00,0.00,0.16,0.00,2.43,'Electricidad',29),(603,2,'N23SSN000009023',107,2,'2023-08-07','2023-08-07',11.21,7.00,0.00,0.79,0.00,12.00,'Electricidad',29),(604,2,'N23SSN000009034',107,2,'2023-08-08','2023-08-08',22.38,0.00,0.00,0.00,0.00,22.38,'Electricidad',29),(605,2,'N23SSN000009034',107,2,'2023-08-08','2023-08-08',0.93,7.00,0.00,0.07,0.00,1.00,'Electricidad',29),(606,2,'N23SSN000009034',107,2,'2023-08-08','2023-08-08',11.21,7.00,0.00,0.78,0.00,12.00,'Electricidad',29),(607,1,'P0190',5,1,'2023-08-31','2023-08-31',77.47,0.00,0.00,0.00,0.00,77.47,'Publicidad en la web (Factura #1098821)',1),(608,2,'2712186455',111,1,'2023-09-06','2023-09-06',20.16,0.00,0.00,0.00,0.00,20.16,'Renovación de dominios (michelacosta.com)',14),(609,1,'P0191',110,1,'2023-09-07','2023-09-07',80.00,0.00,0.00,0.00,0.00,80.00,'Artículo patrocinado',1),(610,1,'P0192',48,1,'2023-09-08','2023-09-08',125.00,0.00,0.00,0.00,0.00,125.00,'Post patrocinado',1),(611,2,'FMDKMIG0041344',10,2,'2023-09-13','2023-09-13',109.08,7.00,0.00,7.64,0.00,116.72,'Teléfono e internet',32),(612,2,'12553',81,1,'2023-09-04','2023-09-04',31.71,0.00,0.00,0.00,0.00,31.71,'Renovación dominio (barca-madrid.com & madrid-barca.com)',14),(613,1,'P0193',112,1,'2023-09-12','2023-09-12',100.00,0.00,0.00,0.00,0.00,100.00,'Post patrocinado',1),(614,1,'P0194',113,1,'2023-09-18','2023-09-18',90.00,0.00,0.00,0.00,0.00,90.00,'Post patrocinado',1),(615,2,'2727172480',111,1,'2023-09-18','2023-09-18',20.16,0.00,0.00,0.00,0.00,20.16,'Renovación de dominios (messi-vs-cristiano.com)',14),(616,1,'P0195',114,1,'2023-09-20','2023-09-20',125.00,0.00,0.00,0.00,0.00,125.00,'Post patrocinado',1),(617,1,'P0196',115,1,'2023-09-25','2023-09-25',125.00,0.00,0.00,0.00,0.00,125.00,'Post patrocinado',1),(618,2,'2737478656',111,1,'2023-09-26','2023-09-26',20.16,0.00,0.00,0.00,0.00,20.16,'Renovación de dominios (puntadeteno.com)',14),(619,2,'',11,2,'2023-09-29','2023-09-29',299.71,0.00,0.00,0.00,0.00,299.71,'Cuota autónomos',18),(620,1,'P0197',100,1,'2023-10-02','2023-10-02',118.71,0.00,0.00,0.00,0.00,118.71,'Post patrocinado',1),(621,1,'00225',1,2,'2023-09-25','2023-09-25',110.00,7.00,15.00,7.70,16.50,101.20,'Mantenimiento buenavistagolf.es - Septiembre 2023',1),(622,1,'00226',55,2,'2023-09-25','2023-09-25',3000.00,0.00,0.00,0.00,0.00,3000.00,'Servicios informáticos - Septiembre 2023',1),(623,1,'P0198',103,1,'2023-10-03','2023-10-03',70.08,0.00,0.00,0.00,0.00,70.08,'Revenue August-September 2023',1),(624,2,'in_1NzO3U20pzSdy0d5YudUCjLH',5,1,'2023-10-09','2023-10-09',20.92,0.00,0.00,0.00,0.00,20.92,'Servicio online',34),(625,2,'FMDKMJG0016441',10,2,'2023-10-13','2023-10-13',105.79,7.00,0.00,7.40,0.00,113.19,'Teléfono e internet',32),(626,1,'00227',1,2,'2023-10-25','2023-10-25',110.00,7.00,15.00,7.70,16.50,101.20,'Mantenimiento buenavistagolf.es - octubre 2023',1),(627,1,'00228',55,2,'2023-10-25','2023-10-25',3000.00,0.00,0.00,0.00,0.00,3000.00,'Servicios informáticos - Octubre 2023',1),(628,2,'',11,2,'2023-10-31','2023-10-31',299.71,0.00,0.00,0.00,0.00,299.71,'Cuota autónomos',18),(629,2,'N23SSN000011784',107,2,'2023-09-18','2023-09-18',11.21,7.00,0.00,0.79,0.00,12.00,'Electricidad',29),(630,2,'N23SSN000011784',107,2,'2023-09-18','2023-09-18',24.01,0.00,0.00,0.00,0.00,24.01,'Electricidad',29),(668,2,'E323NC26649120',109,2,'2023-11-07','2023-11-07',11.21,7.00,0.00,0.78,0.00,12.00,'Electricidad',29),(667,2,'N23SSN000033307',107,2,'2023-11-29','2023-11-29',47.95,0.00,0.00,0.00,0.00,47.95,'Electricidad',29),(666,2,'N23SSN000027869',107,2,'2023-11-07','2023-11-07',0.77,7.00,0.00,0.05,0.00,0.82,'Electricidad',29),(634,1,'P0199',5,1,'2023-11-02','2023-11-02',137.95,0.00,0.00,0.00,0.00,137.95,'Publicidad en la web (Facturas #1187440 y #1295804)',1),(635,2,'000792',98,2,'2023-11-02','2023-11-02',72.00,7.00,0.00,5.04,0.00,77.04,'Gastos de gestoría',34),(636,1,'P0200',116,1,'2023-11-09','2023-11-09',75.00,0.00,0.00,0.00,0.00,75.00,'Artículo patrocinado',1),(637,1,'P0201',117,1,'2023-11-09','2023-11-09',100.00,0.00,0.00,0.00,0.00,100.00,'Post patrocinado',3),(638,2,'MMDKMKG0008413',10,2,'2023-11-13','2023-11-13',2.14,7.00,0.00,0.15,0.00,2.29,'Teléfono e internet',32),(639,2,'FMDKMKG0024049',10,2,'2023-11-13','2023-11-13',106.39,7.00,0.00,7.45,0.00,113.83,'Teléfono e internet',32),(665,2,'N23SSN000027869',107,2,'2023-11-07','2023-11-07',45.42,0.00,0.00,0.00,0.00,45.42,'Electricidad',29),(664,2,'E323NC24125753',109,2,'2023-10-03','2023-10-03',11.21,7.00,0.00,0.79,0.00,12.00,'Electricidad',29),(642,2,'E323NC24125753',109,2,'2023-10-03','2023-10-03',11.21,7.00,0.00,0.79,0.00,12.00,'Electricidad',29),(643,1,'P0202',118,1,'2023-11-14','2023-11-14',75.00,0.00,0.00,0.00,0.00,75.00,'Post patrocinado',1),(644,1,'00229',119,2,'2023-11-18','2023-11-18',150.00,7.00,15.00,10.50,22.50,138.00,'CertificApp 2.4.1',1),(645,1,'00230',120,2,'2023-11-20','2023-11-20',137.60,7.00,15.00,9.63,20.64,126.59,'Servicios informáticos',1),(646,2,'',11,2,'2023-11-30','2023-11-30',299.71,0.00,0.00,0.00,0.00,299.71,'Cuota autónomos',18),(647,1,'P0203',5,1,'2023-12-01','2023-12-01',76.67,0.00,0.00,0.00,0.00,76.67,'Publicidad en la web (Factura #1416613)',1),(648,1,'00231',1,2,'2023-11-25','2023-11-25',110.00,7.00,15.00,7.70,16.50,101.20,'Mantenimiento buenavistagolf.es - noviembre 2023',1),(649,1,'00232',55,2,'2023-11-25','2023-11-25',3000.00,0.00,0.00,0.00,0.00,3000.00,'Servicios informáticos - Noviembre 2023',1),(650,1,'00233',119,2,'2023-12-01','2023-12-01',225.00,7.00,15.00,15.75,33.75,207.00,'CertificApp 2.6',1),(663,2,'N23SSN000021942',107,2,'2023-10-10','2023-10-10',1.55,7.00,0.00,0.11,0.00,1.66,'Electricidad',29),(662,2,'N23SSN000021942',107,2,'2023-10-10','2023-10-10',22.42,0.00,0.00,0.00,0.00,22.42,'Electricidad',29),(653,1,'P0204',103,1,'2023-12-09','2023-12-09',152.05,0.00,0.00,0.00,0.00,152.05,'Revenue October-December 2023',1),(654,1,'00234',1,2,'2023-12-25','2023-12-25',110.00,7.00,15.00,7.70,16.50,101.20,'Mantenimiento buenavistagolf.es - diciembre 2023',1),(655,1,'00235',55,2,'2023-12-25','2023-12-25',3000.00,0.00,0.00,0.00,0.00,3000.00,'Servicios informáticos - Diciembre 2023',1),(656,2,'',11,2,'2023-12-29','2023-12-29',299.71,0.00,0.00,0.00,0.00,299.71,'Cuota autónomos',18),(657,1,'P0205',5,1,'2024-01-03','2024-01-03',68.25,0.00,0.00,0.00,0.00,68.25,'Publicidad en la web (Factura #1520226)',1),(658,2,'MMDKMLG0008533',10,2,'2023-12-13','2023-12-13',13.03,7.00,0.00,0.91,0.00,13.94,'Teléfono e internet',32),(659,2,'FMDKMLG0023592',10,2,'2023-12-13','2023-12-13',105.79,7.00,0.00,7.40,0.00,113.19,'Teléfono e internet',32),(660,2,'in_1OAcpb20pzSdy0d5mj79s1HG',5,1,'2023-11-09','2023-11-09',20.58,0.00,0.00,0.00,0.00,20.58,'Servicio online',34),(661,2,'in_1OLV8820pzSdy0d5rJFLI1Gi',5,1,'2023-12-09','2023-12-09',20.41,0.00,0.00,0.00,0.00,20.41,'Servicio online',34),(669,2,'N23SSN000037195',107,2,'2023-12-23','2023-12-23',46.98,0.00,0.00,0.00,0.00,46.98,'Electricidad',29),(670,2,'N23SSN000037195',107,2,'2023-12-23','2023-12-23',0.83,7.00,0.00,0.06,0.00,0.89,'Electricidad',29),(671,2,'E323NC29228815',109,2,'2023-12-12','2023-12-12',11.21,7.00,0.00,0.78,0.00,12.00,'Electricidad',29),(672,1,'P0206',121,1,'2024-01-05','2024-01-05',125.00,0.00,0.00,0.00,0.00,125.00,'Artículo patrocinado',1),(673,2,'in_1OWju720pzSdy0d54rMnKwn4INVOICE',5,1,'2024-01-09','2024-01-09',20.11,0.00,0.00,0.00,0.00,20.11,'Servicio online',34),(674,2,'12610',81,1,'2024-01-10','2024-01-10',15.49,0.00,0.00,0.00,0.00,15.49,'Renovación dominio (playerguesser.com)',14),(675,2,'12609',81,1,'2024-01-10','2024-01-10',15.49,0.00,0.00,0.00,0.00,15.49,'Renovación dominio (playerguessr.com)',14),(676,2,'MMDKMAH0010218',10,2,'2024-01-13','2024-01-13',8.35,7.00,0.00,0.58,0.00,8.93,'Teléfono e internet',14),(677,2,'FMDKMAH0027947',10,2,'2024-01-13','2024-01-13',105.79,7.00,0.00,7.40,0.00,113.19,'Teléfono e internet',32),(678,1,'00236',1,2,'2024-01-25','2024-01-25',110.00,7.00,15.00,7.70,16.50,101.20,'Mantenimiento buenavistagolf.es - enero 2024',1),(679,1,'00237',55,2,'2024-01-25','2024-01-25',3000.00,0.00,0.00,0.00,0.00,3000.00,'Servicios informáticos - Enero 2024',1),(680,2,'000026',122,2,'2024-01-29','2024-01-29',36.76,0.00,0.00,0.00,0.00,36.76,'Ventilador portátil',14),(681,2,'',11,2,'2024-01-31','2024-01-31',332.44,0.00,0.00,0.00,0.00,332.44,'Cuota autónomos',18),(682,1,'P0207',5,1,'2024-02-01','2024-02-01',66.34,0.00,0.00,0.00,0.00,66.34,'Publicidad en la web (Factura #1624877)',1),(683,2,'12623',81,1,'2024-02-04','2024-02-04',165.40,0.00,0.00,0.00,0.00,165.40,'Servidor VPS',14),(684,2,'MMDKMBH0010622',10,2,'2024-02-13','2024-02-13',8.35,7.00,0.00,0.58,0.00,8.93,'Teléfono e internet',14),(685,2,'FMDKMBH0028484',10,2,'2024-02-13','2024-02-13',106.82,7.00,0.00,7.48,0.00,114.30,'Teléfono e internet',14),(686,2,'000143',98,2,'2024-02-05','2024-02-05',122.00,7.00,0.00,8.54,0.00,130.54,'Gastos de gestoría',34),(687,2,'12633',81,1,'2024-02-12','2024-02-12',684.03,0.00,0.00,0.00,0.00,684.03,'Renovación de hosting (michelacosta.com)',14),(688,1,'P0208',82,1,'2024-02-19','2024-02-19',150.00,0.00,0.00,0.00,0.00,150.00,'Artículos patrocinados',1),(689,1,'00238',1,2,'2024-02-25','2024-02-25',110.00,7.00,15.00,7.70,16.50,101.20,'Mantenimiento buenavistagolf.es - febrero 2024',1),(690,1,'00239',55,2,'2024-02-25','2024-02-25',3000.00,0.00,0.00,0.00,0.00,3000.00,'Servicios informáticos - Febrero 2024',1),(691,1,'P0209',112,1,'2024-02-26','2024-02-26',100.00,0.00,0.00,0.00,0.00,100.00,'Post patrocinado',1),(692,2,'',11,2,'2024-02-29','2024-02-29',332.44,0.00,0.00,0.00,0.00,332.44,'Cuota autónomos',18),(693,1,'P0210',5,1,'2024-03-04','2024-03-04',52.59,0.00,0.00,0.00,0.00,52.59,'Publicidad en la web (Factura #1724722)',1),(694,2,'000267',98,2,'2024-03-01','2024-03-01',100.00,7.00,0.00,7.00,0.00,107.00,'Gastos de gestoría',34),(695,2,'in_1OsUVE20pzSdy0d5yogqTmE4',5,1,'2024-03-09','2024-03-09',20.15,0.00,0.00,0.00,0.00,20.15,'Servicio online',34),(696,2,'MMDKMCH0008942',10,2,'2024-03-13','2024-03-13',8.35,7.00,0.00,0.58,0.00,8.93,'Teléfono e internet',14),(697,2,'FMDKMCH0023440',10,2,'2024-03-13','2024-03-13',108.26,7.00,0.00,7.58,0.00,115.84,'Teléfono e internet',14),(698,1,'00240',1,2,'2024-03-25','2024-03-25',110.00,7.00,15.00,7.70,16.50,101.20,'Mantenimiento buenavistagolf.es - marzo 2024',1),(699,1,'00241',55,2,'2024-03-25','2024-03-25',3000.00,0.00,0.00,0.00,0.00,3000.00,'Servicios informáticos - Marzo 2024',1),(700,1,'P0211',5,1,'2024-04-02','2024-04-02',52.35,0.00,0.00,0.00,0.00,52.35,'Publicidad en la web (Factura #1829431)',1),(701,2,'FMDKMDH0032197',10,2,'2024-04-13','2024-04-13',108.26,7.00,0.00,7.58,0.00,115.84,'Teléfono e internet',14),(702,2,'MMDKMDH0012469',10,2,'2024-04-13','2024-04-13',8.35,7.00,0.00,0.58,0.00,8.93,'Teléfono e internet',14),(703,2,'in_1P3jH120pzSdy0d5Odmomqm4',5,1,'2024-04-09','2024-04-09',20.29,0.00,0.00,0.00,0.00,20.29,'Servicio online',34),(704,2,'',11,2,'2024-03-27','2024-03-27',332.44,0.00,0.00,0.00,0.00,332.44,'Cuota autónomos',18),(705,2,'12670',81,1,'2024-04-13','2024-04-13',15.98,0.00,0.00,0.00,0.00,15.98,'Renovación de hosting (federer-nadal-djokovic.com)',14),(706,1,'00242',1,2,'2024-04-25','2024-04-25',110.00,7.00,15.00,7.70,16.50,101.20,'Mantenimiento buenavistagolf.es - abril 2024',1),(707,1,'00243',55,2,'2024-04-25','2024-04-25',3000.00,0.00,0.00,0.00,0.00,3000.00,'Servicios informáticos - abril 2024',1),(708,1,'P0212',123,1,'2024-04-26','2024-04-26',60.00,0.00,0.00,0.00,0.00,60.00,'Post patrocinado',1),(709,2,'61282961',124,1,'2024-05-02','2024-05-02',46.73,0.00,0.00,0.00,0.00,46.73,'WP Fastest Cache Plugin',14),(710,2,'000488',98,2,'2024-05-03','2024-05-03',72.00,7.00,0.00,5.04,0.00,77.04,'Gastos de gestoría',34),(711,2,'in_1PEbZw20pzSdy0d5Q98VhxZs',5,1,'2024-05-09','2024-05-09',20.52,0.00,0.00,0.00,0.00,20.52,'Servicio online',34),(712,2,'MMDKMEH0012638',10,2,'2024-05-13','2024-05-13',8.35,7.00,0.00,0.58,0.00,8.93,'Teléfono e internet',14),(713,2,'FMDKMEH0029596',10,2,'2024-05-13','2024-05-13',108.26,7.00,0.00,7.58,0.00,115.84,'Teléfono e internet',14),(714,2,'',11,2,'2024-04-30','2024-04-30',332.44,0.00,0.00,0.00,0.00,332.44,'Cuota autónomos',18),(715,1,'P0213',5,1,'2024-05-30','2024-05-30',39.91,0.00,0.00,0.00,0.00,39.91,'Publicidad en la web (Factura #52931663-fa7c-4f8a-9472-ab4af1f8029c)',1),(716,1,'00244',1,2,'2024-05-25','2024-05-25',110.00,7.00,15.00,7.70,16.50,101.20,'Mantenimiento buenavistagolf.es - mayo 2024',1),(717,1,'00245',55,2,'2024-05-25','2024-05-25',3000.00,0.00,0.00,0.00,0.00,3000.00,'Servicios informáticos - mayo 2024',1),(718,1,'P0214',100,1,'2024-06-03','2024-06-03',115.19,0.00,0.00,0.00,0.00,115.19,'Post patrocinado',1),(719,2,'000602',98,2,'2024-06-04','2024-06-04',50.00,7.00,0.00,3.50,0.00,53.50,'Gastos de gestoría',34),(720,2,'FMDKMFH0042533',10,2,'2024-06-13','2024-06-13',108.26,7.00,0.00,7.58,0.00,115.84,'Teléfono e internet',14),(721,2,'MMDKMFH0000191',10,2,'2024-06-13','2024-06-13',8.35,7.00,0.00,0.58,0.00,8.93,'Teléfono e internet',14),(722,2,'F50BC6E3-0061',5,1,'2024-06-09','2024-06-09',20.37,0.00,0.00,0.00,0.00,20.37,'Servicio online',34),(723,1,'P0215',125,1,'2024-06-20','2024-06-20',200.00,0.00,15.00,0.00,30.00,170.00,'Dos artículos patrocinados en LEOlytics.com',1),(724,1,'P0216',112,1,'2024-06-22','2024-06-22',270.00,0.00,0.00,0.00,0.00,270.00,'Post patrocinado x3',1),(725,2,'240354',126,2,'2024-07-03','2024-07-03',147.70,7.00,0.00,10.33,0.00,158.03,'Mantenimiento vehículo',26),(726,1,'P0217',5,1,'2024-07-03','2024-07-03',33.02,0.00,0.00,0.00,0.00,33.02,'Publicidad en la web (Factura #8119c4d7-8df5-4d18-bfba-7062e9500b9e)',1),(727,1,'00246',1,2,'2024-06-25','2024-06-25',110.00,7.00,15.00,7.70,16.50,101.20,'Mantenimiento buenavistagolf.es - junio 2024',1),(728,1,'00247',55,2,'2024-06-25','2024-06-25',3000.00,0.00,0.00,0.00,0.00,3000.00,'Servicios informáticos - junio 2024',1),(729,2,'',11,2,'2024-06-28','2024-06-28',332.44,0.00,0.00,0.00,0.00,332.44,'Cuota autónomos',18),(730,2,'',11,2,'2024-05-31','2024-05-31',332.44,0.00,0.00,0.00,0.00,332.44,'Cuota autónomos',18),(731,2,'MMDKMGH0016907',10,2,'2024-07-13','2024-07-13',8.35,7.00,0.00,0.58,0.00,8.93,'Teléfono e internet',14),(732,2,'FMDKMGH0032234',10,2,'2024-07-13','2024-07-13',108.26,7.00,0.00,7.58,0.00,115.84,'Teléfono e internet',14);
/*!40000 ALTER TABLE `Movimientos` ENABLE KEYS */;
UNLOCK TABLES;

--
-- Table structure for table `Paises`
--

DROP TABLE IF EXISTS `Paises`;
/*!40101 SET @saved_cs_client     = @@character_set_client */;
/*!40101 SET character_set_client = utf8 */;
CREATE TABLE `Paises` (
  `id` int(11) NOT NULL AUTO_INCREMENT,
  `Pais` varchar(60) DEFAULT NULL,
  `Codigo` varchar(2) DEFAULT NULL,
  `Comunitario` tinyint(4) DEFAULT '0',
  PRIMARY KEY (`id`)
) ENGINE=MyISAM AUTO_INCREMENT=250 DEFAULT CHARSET=utf8mb4;
/*!40101 SET character_set_client = @saved_cs_client */;

--
-- Dumping data for table `Paises`
--

LOCK TABLES `Paises` WRITE;
/*!40000 ALTER TABLE `Paises` DISABLE KEYS */;
INSERT INTO `Paises` VALUES (1,'Andorra','AD',0),(2,'United Arab Emirates','AE',0),(3,'Afghanistan','AF',0),(4,'Antigua and Barbuda','AG',0),(5,'Anguilla','AI',0),(6,'Albania','AL',0),(7,'Armenia','AM',0),(8,'Angola','AO',0),(9,'Antarctica','AQ',0),(10,'Argentina','AR',0),(11,'American Samoa','AS',0),(12,'Austria','AT',1),(13,'Australia','AU',0),(14,'Aruba','AW',0),(15,'Åland Islands','AX',0),(16,'Azerbaijan','AZ',0),(17,'Bosnia and Herzegovina','BA',0),(18,'Barbados','BB',0),(19,'Bangladesh','BD',0),(20,'Belgium','BE',1),(21,'Burkina Faso','BF',0),(22,'Bulgaria','BG',1),(23,'Bahrain','BH',0),(24,'Burundi','BI',0),(25,'Benin','BJ',0),(26,'Saint Barthélemy','BL',0),(27,'Bermuda','BM',0),(28,'Brunei Darussalam','BN',0),(29,'Bolivia (Plurinational State of)','BO',0),(30,'Bonaire, Sint Eustatius and Saba','BQ',0),(31,'Brazil','BR',0),(32,'Bahamas','BS',0),(33,'Bhutan','BT',0),(34,'Bouvet Island','BV',0),(35,'Botswana','BW',0),(36,'Belarus','BY',0),(37,'Belize','BZ',0),(38,'Canada','CA',0),(39,'Cocos (Keeling) Islands','CC',0),(40,'Congo, Democratic Republic of the','CD',0),(41,'Central African Republic','CF',0),(42,'Congo','CG',0),(43,'Switzerland','CH',0),(44,'Côte d\'Ivoire','CI',0),(45,'Cook Islands','CK',0),(46,'Chile','CL',0),(47,'Cameroon','CM',0),(48,'China','CN',0),(49,'Colombia','CO',0),(50,'Costa Rica','CR',0),(51,'Cuba','CU',0),(52,'Cabo Verde','CV',0),(53,'Curaçao','CW',0),(54,'Christmas Island','CX',0),(55,'Cyprus','CY',1),(56,'Czechia','CZ',1),(57,'Germany','DE',1),(58,'Djibouti','DJ',0),(59,'Denmark','DK',1),(60,'Dominica','DM',0),(61,'Dominican Republic','DO',0),(62,'Algeria','DZ',0),(63,'Ecuador','EC',0),(64,'Estonia','EE',1),(65,'Egypt','EG',0),(66,'Western Sahara','EH',0),(67,'Eritrea','ER',0),(68,'Spain','ES',1),(69,'Ethiopia','ET',0),(70,'Finland','FI',1),(71,'Fiji','FJ',0),(72,'Falkland Islands (Malvinas)','FK',0),(73,'Micronesia (Federated States of)','FM',0),(74,'Faroe Islands','FO',0),(75,'France','FR',1),(76,'Gabon','GA',0),(77,'United Kingdom of Great Britain and Northern Ireland','GB',1),(78,'Grenada','GD',0),(79,'Georgia','GE',0),(80,'French Guiana','GF',0),(81,'Guernsey','GG',0),(82,'Ghana','GH',0),(83,'Gibraltar','GI',0),(84,'Greenland','GL',0),(85,'Gambia','GM',0),(86,'Guinea','GN',0),(87,'Guadeloupe','GP',0),(88,'Equatorial Guinea','GQ',0),(89,'Greece','GR',1),(90,'South Georgia and the South Sandwich Islands','GS',0),(91,'Guatemala','GT',0),(92,'Guam','GU',0),(93,'Guinea-Bissau','GW',0),(94,'Guyana','GY',0),(95,'Hong Kong','HK',0),(96,'Heard Island and McDonald Islands','HM',0),(97,'Honduras','HN',0),(98,'Croatia','HR',1),(99,'Haiti','HT',0),(100,'Hungary','HU',1),(101,'Indonesia','ID',0),(102,'Ireland','IE',1),(103,'Israel','IL',0),(104,'Isle of Man','IM',1),(105,'India','IN',0),(106,'British Indian Ocean Territory','IO',0),(107,'Iraq','IQ',0),(108,'Iran (Islamic Republic of)','IR',0),(109,'Iceland','IS',0),(110,'Italy','IT',1),(111,'Jersey','JE',0),(112,'Jamaica','JM',0),(113,'Jordan','JO',0),(114,'Japan','JP',0),(115,'Kenya','KE',0),(116,'Kyrgyzstan','KG',0),(117,'Cambodia','KH',0),(118,'Kiribati','KI',0),(119,'Comoros','KM',0),(120,'Saint Kitts and Nevis','KN',0),(121,'Korea (Democratic People\'s Republic of)','KP',0),(122,'Korea, Republic of','KR',0),(123,'Kuwait','KW',0),(124,'Cayman Islands','KY',0),(125,'Kazakhstan','KZ',0),(126,'Lao People\'s Democratic Republic','LA',0),(127,'Lebanon','LB',0),(128,'Saint Lucia','LC',0),(129,'Liechtenstein','LI',0),(130,'Sri Lanka','LK',0),(131,'Liberia','LR',0),(132,'Lesotho','LS',0),(133,'Lithuania','LT',1),(134,'Luxembourg','LU',1),(135,'Latvia','LV',1),(136,'Libya','LY',0),(137,'Morocco','MA',0),(138,'Monaco','MC',1),(139,'Moldova, Republic of','MD',0),(140,'Montenegro','ME',0),(141,'Saint Martin (French part)','MF',0),(142,'Madagascar','MG',0),(143,'Marshall Islands','MH',0),(144,'North Macedonia','MK',0),(145,'Mali','ML',0),(146,'Myanmar','MM',0),(147,'Mongolia','MN',0),(148,'Macao','MO',0),(149,'Northern Mariana Islands','MP',0),(150,'Martinique','MQ',0),(151,'Mauritania','MR',0),(152,'Montserrat','MS',0),(153,'Malta','MT',1),(154,'Mauritius','MU',0),(155,'Maldives','MV',0),(156,'Malawi','MW',0),(157,'Mexico','MX',0),(158,'Malaysia','MY',0),(159,'Mozambique','MZ',0),(160,'Namibia','NA',0),(161,'New Caledonia','NC',0),(162,'Niger','NE',0),(163,'Norfolk Island','NF',0),(164,'Nigeria','NG',0),(165,'Nicaragua','NI',0),(166,'Netherlands','NL',1),(167,'Norway','NO',0),(168,'Nepal','NP',0),(169,'Nauru','NR',0),(170,'Niue','NU',0),(171,'New Zealand','NZ',0),(172,'Oman','OM',0),(173,'Panama','PA',0),(174,'Peru','PE',0),(175,'French Polynesia','PF',0),(176,'Papua New Guinea','PG',0),(177,'Philippines','PH',0),(178,'Pakistan','PK',0),(179,'Poland','PL',1),(180,'Saint Pierre and Miquelon','PM',0),(181,'Pitcairn','PN',0),(182,'Puerto Rico','PR',0),(183,'Palestine, State of','PS',0),(184,'Portugal','PT',1),(185,'Palau','PW',0),(186,'Paraguay','PY',0),(187,'Qatar','QA',0),(188,'Réunion','RE',0),(189,'Romania','RO',1),(190,'Serbia','RS',0),(191,'Russian Federation','RU',0),(192,'Rwanda','RW',0),(193,'Saudi Arabia','SA',0),(194,'Solomon Islands','SB',0),(195,'Seychelles','SC',0),(196,'Sudan','SD',0),(197,'Sweden','SE',1),(198,'Singapore','SG',0),(199,'Saint Helena, Ascension and Tristan da Cunha','SH',0),(200,'Slovenia','SI',1),(201,'Svalbard and Jan Mayen','SJ',0),(202,'Slovakia','SK',1),(203,'Sierra Leone','SL',0),(204,'San Marino','SM',0),(205,'Senegal','SN',0),(206,'Somalia','SO',0),(207,'Suriname','SR',0),(208,'South Sudan','SS',0),(209,'Sao Tome and Principe','ST',0),(210,'El Salvador','SV',0),(211,'Sint Maarten (Dutch part)','SX',0),(212,'Syrian Arab Republic','SY',0),(213,'Eswatini','SZ',0),(214,'Turks and Caicos Islands','TC',0),(215,'Chad','TD',0),(216,'French Southern Territories','TF',0),(217,'Togo','TG',0),(218,'Thailand','TH',0),(219,'Tajikistan','TJ',0),(220,'Tokelau','TK',0),(221,'Timor-Leste','TL',0),(222,'Turkmenistan','TM',0),(223,'Tunisia','TN',0),(224,'Tonga','TO',0),(225,'Turkey','TR',0),(226,'Trinidad and Tobago','TT',0),(227,'Tuvalu','TV',0),(228,'Taiwan, Province of China','TW',0),(229,'Tanzania, United Republic of','TZ',0),(230,'Ukraine','UA',0),(231,'Uganda','UG',0),(232,'United States Minor Outlying Islands','UM',0),(233,'United States of America','US',0),(234,'Uruguay','UY',0),(235,'Uzbekistan','UZ',0),(236,'Holy See','VA',0),(237,'Saint Vincent and the Grenadines','VC',0),(238,'Venezuela (Bolivarian Republic of)','VE',0),(239,'Virgin Islands (British)','VG',0),(240,'Virgin Islands (U.S.)','VI',0),(241,'Viet Nam','VN',0),(242,'Vanuatu','VU',0),(243,'Wallis and Futuna','WF',0),(244,'Samoa','WS',0),(245,'Yemen','YE',0),(246,'Mayotte','YT',0),(247,'South Africa','ZA',0),(248,'Zambia','ZM',0),(249,'Zimbabwe','ZW',0);
/*!40000 ALTER TABLE `Paises` ENABLE KEYS */;
UNLOCK TABLES;

--
-- Table structure for table `Terceros`
--

DROP TABLE IF EXISTS `Terceros`;
/*!40101 SET @saved_cs_client     = @@character_set_client */;
/*!40101 SET character_set_client = utf8 */;
CREATE TABLE `Terceros` (
  `id` int(11) NOT NULL AUTO_INCREMENT,
  `Nombre` varchar(60) DEFAULT NULL,
  `CIF` varchar(20) DEFAULT NULL,
  `Direccion` varchar(255) DEFAULT NULL,
  `CodigoPostal` varchar(20) DEFAULT NULL,
  `Municipio` varchar(128) DEFAULT NULL,
  `Provincia` varchar(128) DEFAULT NULL,
  `Pais` int(11) DEFAULT NULL,
  PRIMARY KEY (`id`)
) ENGINE=MyISAM AUTO_INCREMENT=127 DEFAULT CHARSET=utf8mb4;
/*!40101 SET character_set_client = @saved_cs_client */;

--
-- Dumping data for table `Terceros`
--

LOCK TABLES `Terceros` WRITE;
/*!40000 ALTER TABLE `Terceros` DISABLE KEYS */;
INSERT INTO `Terceros` VALUES (1,'Nueva Isla Baja, S.A.','A38777827','C/ General Antequera nº 4, 1º piso','38004','Santa Cruz de Tenerife','Santa Cruz de Tenerife',68),(2,'Integra Parking Solutions S.L.','B67056499','C/ Travessera de Gracia 56, Ático 3ª','08006','Barcelona','Barcelona',68),(3,'Extradvertising S.L.','B65907578','C/Torres i Bages 35-37 2 2','08330','Premià de Mar','Barcelona',68),(4,'Vegeta Technologies Ltd.','MT23949505','5, Majestic Court','1337','Santa Marija','Mellieha',153),(5,'Ezoic, Inc.','27-3777136','6023 Innovation Way, 2nd Floor','92009','Carlsbad','California',233),(6,'Datability Technologies Pvt Ltd','09AAFCD8579B1ZE','A-35, 3rd &4th Floor, Sector-2','201301','Uttar Pradesh','Delhi',105),(7,'Raflin Sarkisyan Ltd.','BG206286279','Bul. 6-ti Septemvri 160','4000','Plovdiv','Plovdiv',22),(8,'PayPal (Europe) S.à r.l. et Cie, S.C.A.','LU22046007','22-24, Boulevard Royal','2449','Luxemburgo','Luxemburgo',134),(9,'CLIDOM ENERGY SL','B65445033','Paseo de Juan de Borbón, 99-101, Planta 4A','08039','Barcelona','Barcelona',68),(10,'Telefónica de España, S.A.U','A82018474','Gran Vía, 28','28013','Madrid','Madrid',68),(11,'Seguridad Social','','','','','',68),(12,'Consulting Empresarial Borges S.L.','B38364527','San Agustín, 44','38430','Icod de Los Vinos','Santa Cruz de Tenerife',68),(13,'Centro Médico Puerto Cruz S.A. - C.M. Vida Icod','A38035861','Avenida 25 de Abril','38430','Icod de los Vinos','Santa Cruz de Tenerife',68),(14,'GoDaddy.com, LLC','EU826010755','14455 N. Hayden Rd. Suite 219','85260','Scottsdale','Arizona',233),(15,'El Corte Inglés, S.A.','A28017895','Hermosilla, 112','28009','Madrid','Madrid',68),(16,'Carmen Pesquera González (Clínica del Pie)','78877252V','Avenida Mayorazgo de Franchy, 15. Local 1','38300','La Orotava','Santa Cruz de Tenerife',68),(17,'Express Business Professional Ltd.','11917095','Great Mead 4','EX6 7EZ','Dunsford','Exeter',77),(18,'MB Peco Medija','LT100011523912','Parko g. 15-18.','74009','Smalininku','Jurbarko r. Sav',133),(19,'Lugos bvba','BE0892.214.611','Kinderwelzijnstraat, 83','2920','Kalmthout','Amberes',20),(20,'Cráneo Previlegiado Sociedad Limitada','B86930716','Calle Copenhague, 15','28822','Coslada','Madrid',68),(21,'AXL Affiliates Ltd.','MT22700729','Abacus business centre, level 1, Dun Karm Street','9037','B\'Kara Bypass','Birkirkara',153),(22,'Comercial Joman S.L.','B35306554','Calle Sao Paulo, 30. El Sebadal','35008','Las Palmas','Las Palmas',68),(23,'PC Componentes y Multimedia SLU','B73347494','Avda Europa, 2-3, Pol.Ind. Las Salinas','30840','Alhama de Murcia','Murcia',68),(24,'Carrefour S.A.','A28425270','Calle Campezo, 16','28022','Madrid','Madrid',68),(25,'E-Log Logística Insular, S.L.','B87331195','Avenida de la Industria, 52. Edificio B. 2ª Planta','28823','Coslada','Madrid',68),(26,'AWSM Services Limited','2256703','9F, Amtel Bld., 148 Des Voeux Road Central','','Hong Kong','Hong Kong',95),(27,'Daniel James Laming','','7 Derwent Avenue','NW7 3DY','Barnet','London',77),(28,'Liquid Sports Media','','50-52 Wharf Road','N1 7EU','London','London',77),(29,'Zaguan Estudio S.L.','B76819226','Obispo Rey Redondo 34, 2 Planta','38201','San Cristóbal de La Laguna','Santa Cruz de Tenerife',68),(30,'North Star Network','FR72833840150','350, Rue de Vaugirard','75015','Paris','Paris',75),(31,'GETFLUENCE SAS','FR44842437865','36 Rue Henri-Claude Lauth, A21','31400 ','Toulouse','Toulouse',75),(32,'GetLark (Part of Smoothosting Ltd.)','GB251945789','447 Staines Road West','TW15 2AB','Ashford','Middlesex',77),(33,'Agapea Factory S.A.','A92508720','Calle Bodegueros 43, Nave 5','29006','Málaga','Málaga',68),(34,'Virtual Reality Gaming','40203276295','Celmu iela 8 - 45','LV-1079','Riga','Riga',135),(35,'EXTREMOO CANADA WEB SRL','RO39587211','Str. Vasile Stroescu 22 E','','Bucarest','Sectorul 2',189),(36,'Visca Web S.L.U.','ESB65991556','Carrer d\'Alaba 61, Local 4-2A','08005','Barcelona','Barcelona',68),(37,'Dulces Sueños S.L.U.','B38628871','CC. El Trompo. 2ª Planta. Polígono San Jerónimo','38300','La Orotava','Santa Cruz de Tenerife',68),(38,'ADZZ ltd.','514348119','Ha-Napah 34','20100','Karmiel','Distrito Norte',103),(39,'iBus Media España S.L.','B66891367','Regus WTC - Edificio Sur, 2ª planta Muelle de Barcelona s/n','08039','Barcelona','Barcelona',68),(40,'Envato Pty Ltd','11119159741','PO Box 16122 Collins Street West','8007','Victoria','Victoria',13),(41,'Amazon EU S.à r.l., Succursale Italiana','IT08973230967','Viale Monte Grappa 3/5','20124','Milán','Milán',110),(42,'Amazon EU S.à r.l., SP. Z O.O. ODDZIAŁ W','PL5262907815','Al. Jana Pawła II 29','00-867','Varsovia','Varsovia',179),(43,'Content Marketing Spain, S.L.U.','B73946659','Avd. Ginés Campos nº25','30840','Alhama de Murcia','Murcia',68),(44,'Outreach To Limited','12360144','C/O Hjs Chartered Accountants,  12 – 14 Carlton Place','SO15 2EA','Southampton','Southampton',77),(45,'Leadstar Media AB','556913-7622','Hälsingegatan 49','113 31','Estocolmo','Estocolmo',197),(46,'I.S.F Digital','558343018','Uziel 22','52128','Ramat Gan','Tel Aviv',103),(47,'HighRiser Digital Marketing','24AANFH4455M1ZY','4th FLOOR, 402 DevShree Gold B/H Irish Hospital Rajpath Marg','388001','Anand','Gujarat',105),(48,'Ocere Ltd','GB972355207','Formal House  60 St Georges Place','GL50 3PN','Cheltenham','Gloucestershire',77),(49,'Arsys Internet S.L.U.','B85294916','C/ Madre de Dios, 21','26004','Logroño','La Rioja',68),(50,'Leroy Merlin SLU','B84818442','Autopista Santa Cruz-La Laguna (Salida Chumberas)','38205','San Cristóbal de La Laguna','Santa Cruz de Tenerife',68),(51,'Socassat Instalaciones Y Servicios SL','B38607594','Calle Panamá, 34. Nave 12','38009','Santa Cruz de Tenerife','Santa Cruz de Tenerife',68),(52,'Amazon EU S.à r.l., Sucursal en España','ESW0184081H','Calle de Ramírez de Prado 5','28045','Madrid','Madrid',68),(53,'Mykhailo Kysliuk (iGB-Media)','','Balzaka st','02225','Kiev','Kiev',230),(54,'Thomas Harper','','Jan Oldenburgerstraat D','9663 RR ','Nieuwe Pekela','Groningen',166),(55,'Integr@ Parking Solutions LLC','45-4892970','2100 Ponce de Leon Boulevard, Mezzanine Level','33146','Coral Gables','Florida',233),(56,'The Media Image','GB984678841','Unit 1.01, 1st Floor Vauxhall Sky Gardens. 153 Wandsworth Road','SW8 2GB','Londres','Londres',77),(57,'Ratatata LTD','BG206095338','48, Vitosha blvd., ground floor','1000','Sofia','Sofia',22),(58,'Opticalia Norte','42717380D','Calle Molinos de Gofio. CC El Trompo. 1ª planta local P,7','38300','La Orotava','Santa Cruz de Tenerife',68),(59,'Virality Media S.L.','B-66710815','Ctra. Esplugues, 47, esc. D, 5-1','08940','Cornellá de Llobregat','Barcelona',68),(60,'impulsQ GmbH','DE324835628','Heinestrasse, 72','72762','Reutlingen','Stuttgart',57),(61,'WeReach Consulting DMCC','DMCC64395','Taxnr: 100584891400003 - Saba Tower 1','-','Jumeirah Lake Towers','Dubai',2),(62,'Palantis Group S.R.O.','07006357','Pobrezni 394/12','186 00','Karlin','Praga 8',56),(63,'Niche Stack S.R.O.','03076989','Vojtesska 211/6','110 00','Praga','Praga 1',56),(64,'BEWAT DEVELOPMENT, S.L.','B67861450','Calle El Carmen, 7','38108','San Cristóbal de La Laguna','Santa Cruz de Tenerife',68),(65,'Seotraffic LLC','43663185','PYROHOVSKY STREET, 19/6','03110','Kiev','Kiev',230),(66,'Organics Holding LTD','12569949','71-75 Shelton Street','WC2H 9JQ','Londres','Londres',77),(67,'Extremoo Marketing SRL','RO38630895','Strada Mesteacanului nr.4','','Dobroesti','Ilfov',189),(68,'Socialpubli SL','B88199377','Alcalá, 44 - 6ºA','28014','Madrid','Madrid',68),(69,'R&B Consulting Group Limited','3019186','604 Tower A New Trade Plaza 6, On Ping Street','','Sha Tin','New Territories',95),(70,'Web Engine Ltd. C91047','MT26066830','MK Business Centre, 115A, Level 1 Msida Valley Road','','Birkirkara','Birkirkara',153),(71,'Cyan Blue Odds Limited','GB388855131','Century House 12 Victoria Street','GY9 3UF','Alderney, Channel Islands','Guernsey',77),(72,'JustMedia Ltd.','BG206647085','Levski Rid 10, apartment 38, Manastirski Livadi, Sofia, Bulgaria','1680','Sofia','Sofia',22),(73,'Chilli Fruit Web Consulting Sp. z o.o.','PL6912552583','ul. Gwiezdna 8/222','59-220','Legnica','Legnica',179),(74,'HOMD Consulting Limited','2817751','No. 5, 17/F Strand 50, 50 Bonham Strand','','Hong Kong','Hong Kong',95),(75,'Macfarlane Media LTD t/a The Media Image','GB984678841','Unit 1.01, 1st Floor Vauxhall Sky Gardens. 153 Wandsworth Road','SW8 2GB','Londres','Londres',77),(76,'Google Ireland, Ltd.','IE6388047V','Gordon House, Barrow Street','4','Dublin','Leinster',102),(77,'Tuya Global Inc.','C3809646','3979 Freedom Circle Suite 340','95054','Santa Clara','California',233),(78,'Better Collective A/S','DK27652913','Toldbodgade 12, Baghuset 2. sal','1253','Copenhague K','Copenhague',59),(79,'Genaro Correa Mansito','78672852H','Camino del Canapé, 7','38470','Los Silos','Santa Cruz de Tenerife',68),(80,'Markt Place Hope Kft','HU27084889','Kossuth Lajos utca 79','2161','Csomad','Pest',100),(81,'GetLark (Part of Real Web LLC)','0804182364','9600 Escarpment Blvd Suite 745-116','78749','Austin','Texas',233),(82,'PRNEWS OÜ','EE102114467','Laeva tn 1','10111','Tallin','Harju',64),(83,'nZeros Limited','2741422','7/F MW Tower, 111 Bonham Strand','','Sheung Wan','Hong Kong',95),(84,'WhiteHat Links','','Shosseina 50 street','','Mykolaiv city','',230),(85,'MULTILINGUAL OUTREACH INTERAMPLIFY SL','B73946659','Ginés Campos Av. nº 25','30840','Alhama de Murcia','Murcia',68),(86,'Cyan Blue Odds Limited','GB403993488','First Floor, The Aircraft Factory. 100 Cambridge Grove','W6 0LE','Hammersmith','London',77),(87,'Mailchimp','EU372008134','c/o The Rocket Science Group, LLC  675 Ponce de Leon Ave NE  Suite 5000','30308','Atlanta','Georgia',233),(88,'HStreet Media','C076233','Suite 501, St. James Court, St. Dennis Street','','Port Louis','Port Louis',154),(89,'Global Sun Media Limited','641375','3rd Floor, Yamraj Building, Market Square, P.O. Box 3175','VG1110','Road Town','Tortola',239),(90,'GETFLUENCE SAS (SIRET: 84243786500046)','FR44842437865','13 Rue Sainte Ursule','31000 ','Toulouse','Toulouse',75),(91,'SHENZHENSHI JINTAI PENGCHENG KEJIYOUXIAN GONGSI','N7206683J','Calle Gran Vía, 49 - 7 DERECHA','28013','Madrid','Madrid',68),(92,'Shenzhen Shihuaxinyushengkejiyouxiangongsi','N7206196C','Calle Gran Vía, 49 - 7 DERECHA','28013','Madrid','Madrid',68),(93,'Shenzhenshi hubeidianzi Shangmao Youxian Gongsi','DE321770698','Longgangqu bantianjiedao maantangshequ zhongxinglu #143honghedadasha B zuo 501','518129','Shenzhen','Canton',48),(94,'Atlas SEO','GB339856549','Butlers Cottage, Felbrigg Hall','NR11 8PR','Norwich','Norfolk',77),(95,'I.S.F Digital Ltd ','516086550','Uziel 14','','Ramat Gan','Tel Aviv',103),(96,'AGUACATE PROJECTS SL','B54957493','Avenida del Mediterráneo, 3. Edificio Ilice G-H, 1ºG','03503','Benidorm','Alicante',68),(97,'Acceleron Media, UAB (306091903)','LT100015134117','Upes g. 23','08128 ','Vilnius','Vilnius',133),(98,'JTBA Consulting SL','B44552214','Calle Key Muñoz, 26, LOC','38430','Icod de los Vinos','Santa Cruz de Tenerife',68),(99,'Ivan Andreev','','Georgiou \'A 105 block 2, fl. 11','4048 ','Germasogeia','Limassol',55),(100,'Bazoom Group ApS','DK41C38745','Vestergade 48H','8000 ','Aarhus','Jutlandia Central',59),(101,'Adobe Systems Software Ireland Ltd','IE6364992H','4-6 Riverwalk Citywest Business Park','D24','Dublin','Leinster ',102),(102,'Paradise Media LLC','468527-1511','954 Ave Ponce de Leon, Suite 205 - PMB 10322','00907','San Juan','San Juan',182),(103,'ARMONACH MEDIA PARTNERS, LIMITED','IE3735281OH','64, Candem Street Lower Dublin 2','D02 EV90','Dublin','Leinster',102),(104,'Fiolty HK Limited','2957313','77-91 Queen\'s Road West, Hollywood Centre, 6th floor, Room 606','999077','Sheung Wan','Central and Western District',95),(105,'Meta Platforms Ireland Limited','IE9692928F','Merrion Road, Dublin 4','D04 X2K5','Dublin','Leinster',102),(106,'Argo Gaming Group AB','SE559189182401','Grev Tureg, 21','11438','Estocolmo','Estocolmo',197),(107,'Endesa Energía SAU','A81948077','Calle Albareda, 38','35005','Las Palmas de Gran Canaria','Las Palmas',68),(108,'Mellow Promo OÜ','EE102456086','Vesivärava tn 50-201','10152','Tallinn ','Harju',64),(109,'Endesa X Servicios SL','B01788041','Calle Albareda, 38','35008','Las Palmas de Gran Canaria','Las Palmas',68),(110,'World Reach SEO','','2033 Beach Ave','V6G 1Z3','Vancouver','British Columbia',68),(111,'GoDaddy.com, LLC','EU372022452','2155 E GoDaddy Way','85284','Temple','Arizona',233),(112,'Ads Projects Group Ltd','12844857','13 John Prince\'s Street, 2nd Floor','W1G 0JR','Londres','Londres',77),(113,'Web Media Group LLC','','12655 N Central Expressway, Suite 550','75243','Dallas','Texas',233),(114,'Vivian Willms','','Kolivery Village 214','400098','Bombay','Maharashtra',105),(115,'CONG TY TNHH VINA SEO','0017426974 ','12 Liên Trì, Trần Hưng Đạo','100000','Hoàn Kiếm','Hà Nội',241),(116,'Robert Dahl','14455357','Berethaugen 94','7717','Steinkjer','Trøndelag',167),(117,'Atlantis Capital, UAB (304678777)','LT100014002611','Juozo Balcikonio 9 street','LT-08247','Vilnius ','Vilnius ',133),(118,'SEOBROTHERS SIA','LV40203205517','Duntes iela 23a','LV-1005','Riga','Vidzeme',135),(119,'Gabriel Márquez Morales','78706815X','Calle Volcán Nevado del Ruiz, 31, vivienda 11','38108','San Cristóbal de la Laguna​','Santa Cruz de Tenerife',68),(120,'Sí se puede Buenavista','G38906137','Calle La Cancela, 4','38480','Buenavista del Norte','Santa Cruz de Tenerife',68),(121,'Fortis Media, UAB (304961782)','LT100012146619','Upes g. 23','08128 ','Vilnius','Vilnius',133),(122,'Vidagi Informatica S.L.','B97542096','Camí de Les Eres, 223 - Polígono Industrial El Bony','46470','Catarroja','Valencia',68),(123,'Moveads Ltd.','DKUEUMHBFPR92','Suite 23050, 8 Shepherd Market','W1J 7JY','Mayfair','Londres',77),(124,'Paddle.com Market Ltd','EU372017215','Judd House 18-29 Mora Street','EC1V 8BT','Londres','Londres',77),(125,'Into The Marketing Media Group S.L. ','B87538336 ','Calle Almajarra nº 1, portal 1 2F','41940','Sevilla','Sevilla',68),(126,'Alexis Hernández Armas','43365053W','Acceso Daute Flor nº12. Llano de Aruga','38480','Buenavista del Norte','Santa Cruz de Tenerife',68);
/*!40000 ALTER TABLE `Terceros` ENABLE KEYS */;
UNLOCK TABLES;

--
-- Table structure for table `Tipos`
--

DROP TABLE IF EXISTS `Tipos`;
/*!40101 SET @saved_cs_client     = @@character_set_client */;
/*!40101 SET character_set_client = utf8 */;
CREATE TABLE `Tipos` (
  `id` int(11) NOT NULL AUTO_INCREMENT,
  `Descripcion` varchar(45) DEFAULT NULL,
  PRIMARY KEY (`id`)
) ENGINE=MyISAM AUTO_INCREMENT=3 DEFAULT CHARSET=utf8mb4;
/*!40101 SET character_set_client = @saved_cs_client */;

--
-- Dumping data for table `Tipos`
--

LOCK TABLES `Tipos` WRITE;
/*!40000 ALTER TABLE `Tipos` DISABLE KEYS */;
INSERT INTO `Tipos` VALUES (1,'Ingreso'),(2,'Gasto');
/*!40000 ALTER TABLE `Tipos` ENABLE KEYS */;
UNLOCK TABLES;
/*!40103 SET TIME_ZONE=@OLD_TIME_ZONE */;

/*!40101 SET SQL_MODE=@OLD_SQL_MODE */;
/*!40014 SET FOREIGN_KEY_CHECKS=@OLD_FOREIGN_KEY_CHECKS */;
/*!40014 SET UNIQUE_CHECKS=@OLD_UNIQUE_CHECKS */;
/*!40101 SET CHARACTER_SET_CLIENT=@OLD_CHARACTER_SET_CLIENT */;
/*!40101 SET CHARACTER_SET_RESULTS=@OLD_CHARACTER_SET_RESULTS */;
/*!40101 SET COLLATION_CONNECTION=@OLD_COLLATION_CONNECTION */;
/*!40111 SET SQL_NOTES=@OLD_SQL_NOTES */;

-- Dump completed on 2024-07-19  1:29:20
